CRAN Package Check Results for Package MetaboLouise

Last updated on 2021-06-12 23:49:12 CEST.

Flavor Version Tinstall Tcheck Ttotal Status Flags
r-devel-linux-x86_64-debian-clang 1.0.0 2.60 39.61 42.21 NOTE
r-devel-linux-x86_64-debian-gcc 1.0.0 2.00 31.04 33.04 NOTE
r-devel-linux-x86_64-fedora-clang 1.0.0 59.49 NOTE
r-devel-linux-x86_64-fedora-gcc 1.0.0 49.89 NOTE
r-devel-windows-x86_64 1.0.0 4.00 59.00 63.00 NOTE
r-devel-windows-x86_64-gcc10-UCRT 1.0.0 NOTE
r-patched-linux-x86_64 1.0.0 2.38 37.50 39.88 NOTE
r-patched-solaris-x86 1.0.0 79.80 NOTE
r-release-linux-x86_64 1.0.0 2.41 38.29 40.70 NOTE
r-release-macos-arm64 1.0.0 NOTE
r-release-macos-x86_64 1.0.0 NOTE
r-release-windows-ix86+x86_64 1.0.0 5.00 58.00 63.00 NOTE
r-oldrel-macos-x86_64 1.0.0 OK
r-oldrel-windows-ix86+x86_64 1.0.0 5.00 59.00 64.00 OK

Check Details

Version: 1.0.0
Check: LazyData
Result: NOTE
     'LazyData' is specified without a 'data' directory
Flavors: r-devel-linux-x86_64-debian-clang, r-devel-linux-x86_64-debian-gcc, r-devel-linux-x86_64-fedora-clang, r-devel-linux-x86_64-fedora-gcc, r-devel-windows-x86_64, r-devel-windows-x86_64-gcc10-UCRT, r-patched-linux-x86_64, r-patched-solaris-x86, r-release-linux-x86_64, r-release-macos-arm64, r-release-macos-x86_64, r-release-windows-ix86+x86_64