CRAN Package Check Results for Package MetaStan

Last updated on 2021-06-15 07:49:11 CEST.

Flavor Version Tinstall Tcheck Ttotal Status Flags
r-devel-linux-x86_64-debian-clang 0.2.0 887.81 154.55 1042.36 NOTE
r-devel-linux-x86_64-debian-gcc 0.2.0 737.57 147.80 885.37 NOTE
r-devel-linux-x86_64-fedora-clang 0.2.0 1450.41 NOTE
r-devel-linux-x86_64-fedora-gcc 0.2.0 1574.98 NOTE
r-devel-windows-x86_64 0.2.0 974.00 245.00 1219.00 NOTE
r-devel-windows-x86_64-gcc10-UCRT 0.2.0 NOTE
r-patched-linux-x86_64 0.2.0 826.05 191.36 1017.41 NOTE
r-patched-solaris-x86 0.2.0 1342.00 NOTE
r-release-linux-x86_64 0.2.0 754.20 186.98 941.18 NOTE
r-release-macos-arm64 0.2.0 NOTE
r-release-macos-x86_64 0.2.0 NOTE
r-release-windows-ix86+x86_64 0.2.0 1897.00 352.00 2249.00 NOTE
r-oldrel-macos-x86_64 0.2.0 NOTE
r-oldrel-windows-ix86+x86_64 0.2.0 1662.00 351.00 2013.00 NOTE

Check Details

Version: 0.2.0
Check: for GNU extensions in Makefiles
Result: NOTE
    GNU make is a SystemRequirements.
Flavors: r-devel-linux-x86_64-debian-clang, r-devel-linux-x86_64-debian-gcc, r-devel-linux-x86_64-fedora-clang, r-devel-linux-x86_64-fedora-gcc, r-devel-windows-x86_64, r-devel-windows-x86_64-gcc10-UCRT, r-patched-linux-x86_64, r-patched-solaris-x86, r-release-linux-x86_64, r-release-macos-arm64, r-release-macos-x86_64, r-release-windows-ix86+x86_64, r-oldrel-macos-x86_64, r-oldrel-windows-ix86+x86_64

Version: 0.2.0
Check: installed package size
Result: NOTE
     installed size is 110.4Mb
     sub-directories of 1Mb or more:
     libs 110.0Mb
Flavors: r-devel-linux-x86_64-fedora-clang, r-devel-windows-x86_64, r-patched-solaris-x86, r-release-macos-arm64, r-release-macos-x86_64, r-release-windows-ix86+x86_64, r-oldrel-macos-x86_64, r-oldrel-windows-ix86+x86_64

Version: 0.2.0
Check: line endings in C/C++/Fortran sources/headers
Result: NOTE
    Found the following sources/headers with CR or CRLF line endings:
     src/stan_files/AB_Emax.hpp
     src/stan_files/BNHM_Higgins.hpp
     src/stan_files/BNHM_Smith.hpp
     src/stan_files/Baseline_Emax.hpp
     src/stan_files/Beta_binomial.hpp
     src/stan_files/CBPlusBaseline_Emax.hpp
     src/stan_files/CB_Emax.hpp
     src/stan_files/Fix_Eff.hpp
    Some Unix compilers require LF line endings.
Flavor: r-devel-windows-x86_64-gcc10-UCRT