CRAN Package Check Results for Package MetaLandSim

Last updated on 2021-12-07 23:54:35 CET.

Flavor Version Tinstall Tcheck Ttotal Status Flags
r-devel-linux-x86_64-debian-clang 1.0.8 54.01 456.40 510.41 OK
r-devel-linux-x86_64-debian-gcc 1.0.8 38.06 340.47 378.53 OK
r-devel-linux-x86_64-fedora-clang 1.0.8 622.37 NOTE
r-devel-linux-x86_64-fedora-gcc 1.0.8 610.48 NOTE
r-devel-windows-x86_64-new-UL 1.0.8 74.00 603.00 677.00 OK
r-devel-windows-x86_64-new-TK 1.0.8 NOTE
r-devel-windows-x86_64-old 1.0.8 68.00 503.00 571.00 OK
r-patched-linux-x86_64 1.0.8 60.79 453.17 513.96 OK
r-release-linux-x86_64 1.0.8 53.26 453.53 506.79 OK
r-release-macos-arm64 1.0.8 NOTE
r-release-macos-x86_64 1.0.8 NOTE
r-release-windows-ix86+x86_64 1.0.8 63.00 565.00 628.00 OK
r-oldrel-macos-x86_64 1.0.8 NOTE
r-oldrel-windows-ix86+x86_64 1.0.8 96.00 438.00 534.00 OK

Check Details

Version: 1.0.8
Check: dependencies in R code
Result: NOTE
    Namespace in Imports field not imported from: ‘knitr’
     All declared Imports should be used.
Flavors: r-devel-linux-x86_64-fedora-clang, r-devel-linux-x86_64-fedora-gcc, r-devel-windows-x86_64-new-TK, r-release-macos-arm64, r-release-macos-x86_64, r-oldrel-macos-x86_64