CRAN Package Check Results for Package Markovchart

Last updated on 2021-04-11 11:49:30 CEST.

Flavor Version Tinstall Tcheck Ttotal Status Flags
r-devel-linux-x86_64-debian-clang 1.1.1 7.83 67.80 75.63 NOTE
r-devel-linux-x86_64-debian-gcc 1.1.1 6.91 50.27 57.18 NOTE
r-devel-linux-x86_64-fedora-clang 1.1.1 98.77 NOTE
r-devel-linux-x86_64-fedora-gcc 1.1.1 88.60 NOTE
r-devel-windows-ix86+x86_64 1.1.1 15.00 66.00 81.00 NOTE
r-devel-windows-x86_64-gcc10-UCRT 1.1.1 NOTE
r-patched-linux-x86_64 1.1.1 8.13 61.77 69.90 OK
r-patched-solaris-x86 1.1.1 133.30 OK
r-release-linux-x86_64 1.1.1 7.96 61.84 69.80 OK
r-release-macos-x86_64 1.1.1 OK
r-release-windows-ix86+x86_64 1.1.1 23.00 90.00 113.00 OK
r-oldrel-macos-x86_64 1.1.1 OK
r-oldrel-windows-ix86+x86_64 1.1.1 16.00 66.00 82.00 OK

Check Details

Version: 1.1.1
Check: LazyData
Result: NOTE
     'LazyData' is specified without a 'data' directory
Flavors: r-devel-linux-x86_64-debian-clang, r-devel-linux-x86_64-debian-gcc, r-devel-linux-x86_64-fedora-clang, r-devel-linux-x86_64-fedora-gcc, r-devel-windows-ix86+x86_64, r-devel-windows-x86_64-gcc10-UCRT