CRAN Package Check Results for Package MarginalMediation

Last updated on 2021-06-14 11:52:56 CEST.

Flavor Version Tinstall Tcheck Ttotal Status Flags
r-devel-linux-x86_64-debian-clang 0.7.0 5.04 101.70 106.74 NOTE
r-devel-linux-x86_64-debian-gcc 0.7.0 4.40 73.91 78.31 NOTE
r-devel-linux-x86_64-fedora-clang 0.7.0 131.54 NOTE
r-devel-linux-x86_64-fedora-gcc 0.7.0 118.08 NOTE
r-devel-windows-x86_64 0.7.0 9.00 129.00 138.00 NOTE
r-devel-windows-x86_64-gcc10-UCRT 0.7.0 NOTE
r-patched-linux-x86_64 0.7.0 5.06 94.86 99.92 NOTE
r-patched-solaris-x86 0.7.0 172.10 NOTE
r-release-linux-x86_64 0.7.0 4.25 94.25 98.50 NOTE
r-release-macos-arm64 0.7.0 NOTE
r-release-macos-x86_64 0.7.0 NOTE
r-release-windows-ix86+x86_64 0.7.0 13.00 126.00 139.00 NOTE
r-oldrel-macos-x86_64 0.7.0 NOTE
r-oldrel-windows-ix86+x86_64 0.7.0 14.00 128.00 142.00 OK

Check Details

Version: 0.7.0
Check: LazyData
Result: NOTE
     'LazyData' is specified without a 'data' directory
Flavors: r-devel-linux-x86_64-debian-clang, r-devel-linux-x86_64-debian-gcc, r-devel-linux-x86_64-fedora-clang, r-devel-linux-x86_64-fedora-gcc, r-devel-windows-x86_64, r-devel-windows-x86_64-gcc10-UCRT, r-patched-linux-x86_64, r-patched-solaris-x86, r-release-linux-x86_64, r-release-macos-arm64, r-release-macos-x86_64, r-release-windows-ix86+x86_64

Version: 0.7.0
Check: dependencies in R code
Result: NOTE
    Namespace in Imports field not imported from: ‘betareg’
     All declared Imports should be used.
Flavors: r-devel-linux-x86_64-fedora-clang, r-devel-linux-x86_64-fedora-gcc, r-devel-windows-x86_64-gcc10-UCRT, r-patched-solaris-x86, r-release-macos-arm64, r-release-macos-x86_64, r-oldrel-macos-x86_64