Last updated on 2023-03-21 11:53:53 CET.
Flavor | Version | Tinstall | Tcheck | Ttotal | Status | Flags |
---|---|---|---|---|---|---|
r-devel-linux-x86_64-debian-clang | 1.0.1 | 38.58 | 364.14 | 402.72 | WARN | |
r-devel-linux-x86_64-debian-gcc | 1.0.1 | 29.52 | 267.26 | 296.78 | WARN | |
r-devel-linux-x86_64-fedora-clang | 1.0.1 | 493.69 | WARN | |||
r-devel-linux-x86_64-fedora-gcc | 1.0.1 | 508.07 | WARN | |||
r-devel-windows-x86_64 | 1.0.1 | 53.00 | 356.00 | 409.00 | WARN | |
r-patched-linux-x86_64 | 1.0.1 | 41.69 | 340.22 | 381.91 | WARN | |
r-release-linux-x86_64 | 1.0.1 | 31.40 | 340.42 | 371.82 | WARN | |
r-release-macos-arm64 | 1.0.1 | 135.00 | NOTE | |||
r-release-macos-x86_64 | 1.0.1 | 166.00 | NOTE | |||
r-release-windows-x86_64 | 1.0.1 | 75.00 | 351.00 | 426.00 | WARN | |
r-oldrel-macos-arm64 | 1.0.1 | 119.00 | NOTE | |||
r-oldrel-macos-x86_64 | 1.0.1 | 157.00 | NOTE | |||
r-oldrel-windows-ix86+x86_64 | 1.0.1 | 87.00 | 358.00 | 445.00 | WARN |
Version: 1.0.1
Check: whether package can be installed
Result: WARN
Found the following significant warnings:
Warning: replacing previous import ‘golem::pkg_version’ by ‘pkgload::pkg_version’ when loading ‘MainExistingDatasets’
Warning: replacing previous import ‘golem::pkg_name’ by ‘pkgload::pkg_name’ when loading ‘MainExistingDatasets’
Warning: replacing previous import ‘golem::pkg_path’ by ‘pkgload::pkg_path’ when loading ‘MainExistingDatasets’
Flavors: r-devel-linux-x86_64-debian-clang, r-devel-linux-x86_64-debian-gcc, r-devel-linux-x86_64-fedora-clang, r-devel-linux-x86_64-fedora-gcc, r-devel-windows-x86_64, r-patched-linux-x86_64, r-release-linux-x86_64, r-release-windows-x86_64, r-oldrel-windows-ix86+x86_64
Version: 1.0.1
Check: data for non-ASCII characters
Result: NOTE
Note: found 41 marked UTF-8 strings
Flavors: r-devel-linux-x86_64-fedora-clang, r-devel-linux-x86_64-fedora-gcc, r-release-macos-arm64, r-release-macos-x86_64, r-oldrel-macos-arm64, r-oldrel-macos-x86_64