CRAN Package Check Results for Package MTLR

Last updated on 2021-06-18 19:50:54 CEST.

Flavor Version Tinstall Tcheck Ttotal Status Flags
r-devel-linux-x86_64-debian-clang 0.2.1 42.44 62.52 104.96 NOTE
r-devel-linux-x86_64-debian-gcc 0.2.1 24.25 47.27 71.52 NOTE
r-devel-linux-x86_64-fedora-clang 0.2.1 135.01 NOTE
r-devel-linux-x86_64-fedora-gcc 0.2.1 127.98 NOTE
r-devel-windows-x86_64 0.2.1 45.00 91.00 136.00 NOTE
r-devel-windows-x86_64-gcc10-UCRT 0.2.1 ERROR
r-patched-linux-x86_64 0.2.1 31.46 60.04 91.50 NOTE
r-patched-solaris-x86 0.2.1 144.40 NOTE
r-release-linux-x86_64 0.2.1 27.37 59.66 87.03 NOTE
r-release-macos-arm64 0.2.1 NOTE
r-release-macos-x86_64 0.2.1 NOTE
r-release-windows-ix86+x86_64 0.2.1 87.00 129.00 216.00 NOTE
r-oldrel-macos-x86_64 0.2.1 OK
r-oldrel-windows-ix86+x86_64 0.2.1 56.00 121.00 177.00 OK

Check Details

Version: 0.2.1
Check: LazyData
Result: NOTE
     'LazyData' is specified without a 'data' directory
Flavors: r-devel-linux-x86_64-debian-clang, r-devel-linux-x86_64-debian-gcc, r-devel-linux-x86_64-fedora-clang, r-devel-linux-x86_64-fedora-gcc, r-devel-windows-x86_64, r-devel-windows-x86_64-gcc10-UCRT, r-patched-linux-x86_64, r-patched-solaris-x86, r-release-linux-x86_64, r-release-macos-arm64, r-release-macos-x86_64, r-release-windows-ix86+x86_64

Version: 0.2.1
Check: package dependencies
Result: NOTE
    Package suggested but not available for checking: 'vdiffr'
Flavor: r-devel-windows-x86_64-gcc10-UCRT

Version: 0.2.1
Check: tests
Result: ERROR
     Running 'testthat.R'
    Running the tests in 'tests/testthat.R' failed.
    Last 13 lines of output:
     2. \-base::withRestarts(stop(cond), retry_loadNamespace = function() NULL)
     3. \-base:::withOneRestart(expr, restarts[[1L]])
     4. \-base:::doWithOneRestart(return(expr), restart)
     -- Error (test-plotcurves.R:13:3): plotcurves function is consistent -----------
     Error: there is no package called 'vdiffr'
     Backtrace:
     x
     1. \-base::loadNamespace(x) test-plotcurves.R:13:2
     2. \-base::withRestarts(stop(cond), retry_loadNamespace = function() NULL)
     3. \-base:::withOneRestart(expr, restarts[[1L]])
     4. \-base:::doWithOneRestart(return(expr), restart)
    
     [ FAIL 2 | WARN 70 | SKIP 2 | PASS 83 ]
     Error: Test failures
     Execution halted
Flavor: r-devel-windows-x86_64-gcc10-UCRT