CRAN Package Check Results for Package MTAFT

Last updated on 2024-07-24 15:51:42 CEST.

Flavor Version Tinstall Tcheck Ttotal Status Flags
r-devel-linux-x86_64-debian-clang 0.1.0 9.52 75.06 84.58 OK
r-devel-linux-x86_64-debian-gcc 0.1.0 6.49 55.50 61.99 NOTE
r-devel-linux-x86_64-fedora-clang 0.1.0 104.11 OK
r-devel-linux-x86_64-fedora-gcc 0.1.0 109.48 OK
r-devel-windows-x86_64 0.1.0 8.00 73.00 81.00 NOTE
r-patched-linux-x86_64 0.1.0 10.81 69.02 79.83 OK
r-release-linux-x86_64 0.1.0 10.50 69.86 80.36 OK
r-release-macos-arm64 0.1.0 31.00 OK
r-release-macos-x86_64 0.1.0 48.00 OK
r-release-windows-x86_64 0.1.0 8.00 72.00 80.00 OK
r-oldrel-macos-arm64 0.1.0 37.00 OK
r-oldrel-macos-x86_64 0.1.0 79.00 OK
r-oldrel-windows-x86_64 0.1.0 9.00 83.00 92.00 OK

Check Details

Version: 0.1.0
Check: Rd cross-references
Result: NOTE Found the following Rd file(s) with Rd \link{} targets missing package anchors: TSMCP.Rd: grpreg Please provide package anchors for all Rd \link{} targets not in the package itself and the base packages. Flavors: r-devel-linux-x86_64-debian-gcc, r-devel-windows-x86_64