CRAN Package Check Results for Package MSiP

Last updated on 2024-06-13 12:49:49 CEST.

Flavor Version Tinstall Tcheck Ttotal Status Flags
r-devel-linux-x86_64-debian-clang 1.3.7 18.87 330.41 349.28 OK
r-devel-linux-x86_64-debian-gcc 1.3.7 0.33 1.92 2.25 ERROR
r-devel-linux-x86_64-fedora-clang 1.3.7 430.45 NOTE
r-devel-linux-x86_64-fedora-gcc 1.3.7 424.97 NOTE
r-devel-windows-x86_64 1.3.7 17.00 187.00 204.00 OK
r-patched-linux-x86_64 1.3.7 18.76 302.95 321.71 OK
r-release-linux-x86_64 1.3.7 18.67 296.65 315.32 OK
r-release-macos-arm64 1.3.7 102.00 OK
r-release-macos-x86_64 1.3.7 148.00 OK
r-release-windows-x86_64 1.3.7 17.00 185.00 202.00 OK
r-oldrel-macos-arm64 1.3.7 116.00 OK
r-oldrel-macos-x86_64 1.3.7 176.00 OK
r-oldrel-windows-x86_64 1.3.7 24.00 251.00 275.00 OK

Check Details

Version: 1.3.7
Check: package dependencies
Result: ERROR Packages required but not available: 'dplyr', 'tibble', 'tidyr', 'caret', 'mice' See section ‘The DESCRIPTION file’ in the ‘Writing R Extensions’ manual. Flavor: r-devel-linux-x86_64-debian-gcc

Version: 1.3.7
Check: dependencies in R code
Result: NOTE Namespace in Imports field not imported from: ‘ranger’ All declared Imports should be used. Flavors: r-devel-linux-x86_64-fedora-clang, r-devel-linux-x86_64-fedora-gcc