Last updated on 2022-05-24 11:50:11 CEST.
Flavor | Version | Tinstall | Tcheck | Ttotal | Status | Flags |
---|---|---|---|---|---|---|
r-devel-linux-x86_64-debian-clang | 2.2 | 11.91 | 103.63 | 115.54 | NOTE | |
r-devel-linux-x86_64-debian-gcc | 2.2 | 13.70 | 78.84 | 92.54 | NOTE | |
r-devel-linux-x86_64-fedora-clang | 2.2 | 144.06 | NOTE | |||
r-devel-linux-x86_64-fedora-gcc | 2.2 | 141.35 | NOTE | |||
r-devel-windows-x86_64 | 2.2 | 27.00 | 118.00 | 145.00 | OK | |
r-patched-linux-x86_64 | 2.2 | 12.09 | 101.11 | 113.20 | NOTE | |
r-release-linux-x86_64 | 2.2 | NOTE | ||||
r-release-macos-arm64 | 2.2 | 37.00 | OK | |||
r-release-macos-x86_64 | 2.2 | 55.00 | OK | |||
r-release-windows-x86_64 | 2.2 | 32.00 | 119.00 | 151.00 | OK | |
r-oldrel-macos-arm64 | 2.2 | 46.00 | OK | |||
r-oldrel-macos-x86_64 | 2.2 | 75.00 | OK | |||
r-oldrel-windows-ix86+x86_64 | 2.2 | 31.00 | 135.00 | 166.00 | OK |
Version: 2.2
Check: for non-standard things in the check directory
Result: NOTE
Found the following files/directories:
'MRH_lung'
Flavors: r-devel-linux-x86_64-debian-clang, r-devel-linux-x86_64-debian-gcc, r-devel-linux-x86_64-fedora-clang, r-devel-linux-x86_64-fedora-gcc, r-patched-linux-x86_64, r-release-linux-x86_64
Version: 2.2
Check: compiled code
Result: NOTE
File ‘MRH/libs/MRH.so’:
Found no calls to: ‘R_registerRoutines’, ‘R_useDynamicSymbols’
It is good practice to register native routines and to disable symbol
search.
See ‘Writing portable packages’ in the ‘Writing R Extensions’ manual.
Flavors: r-devel-linux-x86_64-fedora-clang, r-devel-linux-x86_64-fedora-gcc