CRAN Package Check Results for Package MPTinR

Last updated on 2024-07-14 08:48:27 CEST.

Flavor Version Tinstall Tcheck Ttotal Status Flags
r-devel-linux-x86_64-debian-clang 1.14.1 87.50 245.89 333.39 NOTE
r-devel-linux-x86_64-debian-gcc 1.14.1 60.95 188.32 249.27 NOTE
r-devel-linux-x86_64-fedora-clang 1.14.1 408.93 NOTE
r-devel-linux-x86_64-fedora-gcc 1.14.1 438.36 NOTE
r-devel-windows-x86_64 1.14.1 56.00 238.00 294.00 NOTE
r-patched-linux-x86_64 1.14.1 69.58 240.48 310.06 NOTE
r-release-linux-x86_64 1.14.1 63.55 234.83 298.38 NOTE
r-release-macos-arm64 1.14.1 107.00 NOTE
r-release-macos-x86_64 1.14.1 177.00 WARN
r-release-windows-x86_64 1.14.1 58.00 231.00 289.00 NOTE
r-oldrel-macos-arm64 1.14.1 123.00 NOTE
r-oldrel-macos-x86_64 1.14.1 199.00 NOTE
r-oldrel-windows-x86_64 1.14.1 70.00 287.00 357.00 OK

Check Details

Version: 1.14.1
Check: Rd files
Result: NOTE checkRd: (-1) get.mpt.fia.Rd:60: Lost braces 60 | \item{lnconst}{When inequality constraints are present, \code{lnconst} serves as an adjustment of code{lnInt}. It estimates the logarithm of the proportion of parameter space [0,1]^S that satisfies those inequality constraints, and the log integral term is given by \code{lnInt+lnconst}. | ^ checkRd: (-1) prediction.plot.Rd:38: Lost braces 38 | The labels on the x-axis. Default is \code{Tree 1} to code{Tree n}. | ^ Flavors: r-devel-linux-x86_64-debian-clang, r-devel-linux-x86_64-debian-gcc, r-devel-linux-x86_64-fedora-clang, r-devel-linux-x86_64-fedora-gcc, r-devel-windows-x86_64, r-patched-linux-x86_64, r-release-linux-x86_64, r-release-macos-arm64, r-release-macos-x86_64, r-release-windows-x86_64

Version: 1.14.1
Check: installed package size
Result: NOTE installed size is 13.3Mb sub-directories of 1Mb or more: libs 12.3Mb Flavors: r-release-macos-arm64, r-release-macos-x86_64, r-oldrel-macos-arm64, r-oldrel-macos-x86_64

Version: 1.14.1
Check: re-building of vignette outputs
Result: WARN Error(s) in re-building vignettes: ... --- re-building ‘mptinr_introduction.Rnw’ using knitr Error: processing vignette 'mptinr_introduction.Rnw' failed with diagnostics: Running 'texi2dvi' on 'mptinr_introduction.tex' failed. LaTeX errors: ! Undefined control sequence. l.255 \hlkwd{install.packages}\hldef {(}\hlsng{"MPTinR"}\hldef{)} ? ! Emergency stop. ! Emergency stop. l.255 End of file on the terminal! ! ==> Fatal error occurred, no output PDF file produced! --- failed re-building ‘mptinr_introduction.Rnw’ SUMMARY: processing the following file failed: ‘mptinr_introduction.Rnw’ Error: Vignette re-building failed. Execution halted Flavor: r-release-macos-x86_64