CRAN Package Check Results for Package MNM

Last updated on 2021-03-05 23:48:48 CET.

Flavor Version Tinstall Tcheck Ttotal Status Flags
r-devel-linux-x86_64-debian-clang 1.0-3 12.47 105.16 117.63 NOTE
r-devel-linux-x86_64-debian-gcc 1.0-3 8.98 77.87 86.85 NOTE
r-devel-linux-x86_64-fedora-clang 1.0-3 152.19 NOTE
r-devel-linux-x86_64-fedora-gcc 1.0-3 136.09 NOTE
r-devel-windows-ix86+x86_64 1.0-3 25.00 136.00 161.00 OK
r-patched-linux-x86_64 1.0-3 NOTE
r-patched-solaris-x86 1.0-3 180.80 NOTE
r-release-linux-x86_64 1.0-3 10.71 100.73 111.44 NOTE
r-release-macos-x86_64 1.0-3 OK
r-release-windows-ix86+x86_64 1.0-3 19.00 97.00 116.00 OK
r-oldrel-macos-x86_64 1.0-3 OK
r-oldrel-windows-ix86+x86_64 1.0-3 16.00 87.00 103.00 OK

Check Details

Version: 1.0-3
Check: package dependencies
Result: NOTE
    Package suggested but not available for checking: 'Flury'
Flavors: r-devel-linux-x86_64-debian-clang, r-devel-linux-x86_64-debian-gcc, r-devel-linux-x86_64-fedora-clang, r-devel-linux-x86_64-fedora-gcc, r-patched-linux-x86_64, r-patched-solaris-x86, r-release-linux-x86_64