CRAN Package Check Results for Package MMVBVS

Last updated on 2021-06-15 23:51:22 CEST.

Flavor Version Tinstall Tcheck Ttotal Status Flags
r-devel-linux-x86_64-debian-clang 0.8.0 47.50 54.36 101.86 NOTE
r-devel-linux-x86_64-debian-gcc 0.8.0 33.83 39.81 73.64 NOTE
r-devel-linux-x86_64-fedora-clang 0.8.0 137.31 NOTE
r-devel-linux-x86_64-fedora-gcc 0.8.0 120.50 NOTE
r-devel-windows-x86_64 0.8.0 62.00 81.00 143.00 NOTE
r-devel-windows-x86_64-gcc10-UCRT 0.8.0 NOTE
r-patched-linux-x86_64 0.8.0 38.08 50.70 88.78 NOTE
r-patched-solaris-x86 0.8.0 138.20 NOTE
r-release-linux-x86_64 0.8.0 38.07 49.59 87.66 NOTE
r-release-macos-arm64 0.8.0 NOTE
r-release-macos-x86_64 0.8.0 NOTE
r-release-windows-ix86+x86_64 0.8.0 107.00 109.00 216.00 NOTE
r-oldrel-macos-x86_64 0.8.0 OK
r-oldrel-windows-ix86+x86_64 0.8.0 99.00 116.00 215.00 OK

Check Details

Version: 0.8.0
Check: LazyData
Result: NOTE
     'LazyData' is specified without a 'data' directory
Flavors: r-devel-linux-x86_64-debian-clang, r-devel-linux-x86_64-debian-gcc, r-devel-linux-x86_64-fedora-clang, r-devel-linux-x86_64-fedora-gcc, r-devel-windows-x86_64, r-devel-windows-x86_64-gcc10-UCRT, r-patched-linux-x86_64, r-patched-solaris-x86, r-release-linux-x86_64, r-release-macos-arm64, r-release-macos-x86_64, r-release-windows-ix86+x86_64