Last updated on 2022-05-22 23:51:48 CEST.
Flavor | Version | Tinstall | Tcheck | Ttotal | Status | Flags |
---|---|---|---|---|---|---|
r-devel-linux-x86_64-debian-clang | 0.8.0 | 45.97 | 71.18 | 117.15 | NOTE | |
r-devel-linux-x86_64-debian-gcc | 0.8.0 | 36.27 | 52.67 | 88.94 | NOTE | |
r-devel-linux-x86_64-fedora-clang | 0.8.0 | 151.91 | NOTE | |||
r-devel-linux-x86_64-fedora-gcc | 0.8.0 | 143.52 | NOTE | |||
r-devel-windows-x86_64 | 0.8.0 | 43.00 | 102.00 | 145.00 | NOTE | |
r-patched-linux-x86_64 | 0.8.0 | 42.27 | 66.59 | 108.86 | NOTE | |
r-release-linux-x86_64 | 0.8.0 | 37.85 | 65.90 | 103.75 | NOTE | |
r-release-macos-arm64 | 0.8.0 | 42.00 | NOTE | |||
r-release-macos-x86_64 | 0.8.0 | 72.00 | NOTE | |||
r-release-windows-x86_64 | 0.8.0 | 38.00 | 104.00 | 142.00 | NOTE | |
r-oldrel-macos-arm64 | 0.8.0 | 44.00 | NOTE | |||
r-oldrel-macos-x86_64 | 0.8.0 | 65.00 | NOTE | |||
r-oldrel-windows-ix86+x86_64 | 0.8.0 | 112.00 | 119.00 | 231.00 | NOTE |
Version: 0.8.0
Check: LazyData
Result: NOTE
'LazyData' is specified without a 'data' directory
Flavors: r-devel-linux-x86_64-debian-clang, r-devel-linux-x86_64-debian-gcc, r-devel-linux-x86_64-fedora-clang, r-devel-linux-x86_64-fedora-gcc, r-devel-windows-x86_64, r-patched-linux-x86_64, r-release-linux-x86_64, r-release-macos-arm64, r-release-macos-x86_64, r-release-windows-x86_64, r-oldrel-macos-arm64, r-oldrel-macos-x86_64, r-oldrel-windows-ix86+x86_64