CRAN Package Check Results for Package MLZ

Last updated on 2021-03-08 19:51:14 CET.

Flavor Version Tinstall Tcheck Ttotal Status Flags
r-devel-linux-x86_64-debian-clang 0.1.3 166.58 128.41 294.99 OK
r-devel-linux-x86_64-debian-gcc 0.1.3 97.24 95.64 192.88 OK
r-devel-linux-x86_64-fedora-clang 0.1.3 409.30 NOTE
r-devel-linux-x86_64-fedora-gcc 0.1.3 330.31 OK
r-devel-windows-ix86+x86_64 0.1.3 253.00 212.00 465.00 NOTE
r-devel-windows-x86_64-gcc10-UCRT 0.1.3 OK
r-patched-linux-x86_64 0.1.3 104.30 119.63 223.93 OK
r-patched-solaris-x86 0.1.3 336.20 OK
r-release-linux-x86_64 0.1.3 104.27 120.09 224.36 OK
r-release-macos-x86_64 0.1.3 NOTE
r-release-windows-ix86+x86_64 0.1.3 193.00 187.00 380.00 NOTE
r-oldrel-macos-x86_64 0.1.3 NOTE
r-oldrel-windows-ix86+x86_64 0.1.3 158.00 142.00 300.00 NOTE

Check Details

Version: 0.1.3
Check: installed package size
Result: NOTE
     installed size is 25.4Mb
     sub-directories of 1Mb or more:
     libs 24.9Mb
Flavors: r-devel-linux-x86_64-fedora-clang, r-devel-windows-ix86+x86_64, r-release-macos-x86_64, r-release-windows-ix86+x86_64, r-oldrel-macos-x86_64, r-oldrel-windows-ix86+x86_64