CRAN Package Check Results for Package MLML2R

Last updated on 2021-06-13 19:49:39 CEST.

Flavor Version Tinstall Tcheck Ttotal Status Flags
r-devel-linux-x86_64-debian-clang 0.3.3 2.69 28.32 31.01 OK
r-devel-linux-x86_64-debian-gcc 0.3.3 2.02 22.62 24.64 OK
r-devel-linux-x86_64-fedora-clang 0.3.3 45.52 OK
r-devel-linux-x86_64-fedora-gcc 0.3.3 38.98 OK
r-devel-windows-x86_64 0.3.3 4.00 51.00 55.00 OK
r-devel-windows-x86_64-gcc10-UCRT 0.3.3 NOTE
r-patched-linux-x86_64 0.3.3 2.38 27.73 30.11 OK
r-patched-solaris-x86 0.3.3 53.00 NOTE
r-release-linux-x86_64 0.3.3 2.23 27.60 29.83 OK
r-release-macos-arm64 0.3.3 NOTE
r-release-macos-x86_64 0.3.3 NOTE
r-release-windows-ix86+x86_64 0.3.3 5.00 47.00 52.00 OK
r-oldrel-macos-x86_64 0.3.3 OK
r-oldrel-windows-ix86+x86_64 0.3.3 6.00 52.00 58.00 OK

Check Details

Version: 0.3.3
Check: package dependencies
Result: NOTE
    Packages suggested but not available for checking:
     'minfi', 'IlluminaHumanMethylation450kmanifest'
Flavors: r-devel-windows-x86_64-gcc10-UCRT, r-patched-solaris-x86

Version: 0.3.3
Check: package dependencies
Result: NOTE
    Packages suggested but not available for checking:
     'minfi', 'GEOquery', 'IlluminaHumanMethylation450kmanifest'
Flavor: r-release-macos-arm64

Version: 0.3.3
Check: package dependencies
Result: NOTE
    Package suggested but not available for checking: ‘IlluminaHumanMethylation450kmanifest’
Flavor: r-release-macos-x86_64