CRAN Package Check Results for Package MHadaptive

Last updated on 2021-07-25 19:51:37 CEST.

Flavor Version Tinstall Tcheck Ttotal Status Flags
r-devel-linux-x86_64-debian-clang 1.1-8 2.01 58.53 60.54 NOTE
r-devel-linux-x86_64-debian-gcc 1.1-8 1.68 43.64 45.32 NOTE
r-devel-linux-x86_64-fedora-clang 1.1-8 79.60 NOTE
r-devel-linux-x86_64-fedora-gcc 1.1-8 70.95 NOTE
r-devel-windows-x86_64 1.1-8 3.00 66.00 69.00 NOTE
r-devel-windows-x86_64-gcc10-UCRT 1.1-8 NOTE
r-patched-linux-x86_64 1.1-8 2.27 54.76 57.03 NOTE
r-patched-solaris-x86 1.1-8 93.10 NOTE
r-release-linux-x86_64 1.1-8 1.86 55.15 57.01 NOTE
r-release-macos-arm64 1.1-8 NOTE
r-release-macos-x86_64 1.1-8 NOTE
r-release-windows-ix86+x86_64 1.1-8 5.00 64.00 69.00 NOTE
r-oldrel-macos-x86_64 1.1-8 NOTE
r-oldrel-windows-ix86+x86_64 1.1-8 4.00 78.00 82.00 NOTE

Check Details

Version: 1.1-8
Check: top-level files
Result: NOTE
    File
     LICENSE
    is not mentioned in the DESCRIPTION file.
Flavors: r-devel-linux-x86_64-debian-clang, r-devel-linux-x86_64-debian-gcc, r-devel-linux-x86_64-fedora-clang, r-devel-linux-x86_64-fedora-gcc, r-devel-windows-x86_64, r-devel-windows-x86_64-gcc10-UCRT, r-patched-linux-x86_64, r-patched-solaris-x86, r-release-linux-x86_64, r-release-macos-arm64, r-release-macos-x86_64, r-release-windows-ix86+x86_64, r-oldrel-macos-x86_64, r-oldrel-windows-ix86+x86_64

Version: 1.1-8
Check: R code for possible problems
Result: NOTE
    BCI: no visible global function definition for 'quantile'
    Metro_Hastings: no visible global function definition for 'optim'
    Metro_Hastings: no visible global function definition for 'runif'
    Metro_Hastings: no visible global function definition for 'var'
    plotMH: no visible global function definition for 'hist'
    plotMH: no visible global function definition for 'frame'
    plotMH: no visible global function definition for 'text'
    Undefined global functions or variables:
     frame hist optim quantile runif text var
    Consider adding
     importFrom("graphics", "frame", "hist", "text")
     importFrom("stats", "optim", "quantile", "runif", "var")
    to your NAMESPACE file.
Flavors: r-devel-linux-x86_64-debian-clang, r-devel-linux-x86_64-debian-gcc, r-devel-linux-x86_64-fedora-clang, r-devel-linux-x86_64-fedora-gcc, r-devel-windows-x86_64, r-devel-windows-x86_64-gcc10-UCRT, r-patched-linux-x86_64, r-patched-solaris-x86, r-release-linux-x86_64, r-release-macos-arm64, r-release-macos-x86_64, r-release-windows-ix86+x86_64, r-oldrel-macos-x86_64, r-oldrel-windows-ix86+x86_64