CRAN Package Check Results for Package MHTcop

Last updated on 2021-03-08 19:51:14 CET.

Flavor Version Tinstall Tcheck Ttotal Status Flags
r-devel-linux-x86_64-debian-clang 0.1.1 2.09 43.10 45.19 OK
r-devel-linux-x86_64-debian-gcc 0.1.1 1.95 32.90 34.85 OK
r-devel-linux-x86_64-fedora-clang 0.1.1 69.63 NOTE
r-devel-linux-x86_64-fedora-gcc 0.1.1 57.10 NOTE
r-devel-windows-ix86+x86_64 0.1.1 5.00 61.00 66.00 OK
r-devel-windows-x86_64-gcc10-UCRT 0.1.1 NOTE
r-patched-linux-x86_64 0.1.1 2.54 40.49 43.03 OK
r-patched-solaris-x86 0.1.1 77.80 NOTE
r-release-linux-x86_64 0.1.1 2.15 41.13 43.28 OK
r-release-macos-x86_64 0.1.1 NOTE
r-release-windows-ix86+x86_64 0.1.1 5.00 55.00 60.00 OK
r-oldrel-macos-x86_64 0.1.1 NOTE
r-oldrel-windows-ix86+x86_64 0.1.1 3.00 46.00 49.00 OK

Check Details

Version: 0.1.1
Check: dependencies in R code
Result: NOTE
    Namespaces in Imports field not imported from:
     ‘MCMCpack’ ‘copula’
     All declared Imports should be used.
Flavors: r-devel-linux-x86_64-fedora-clang, r-devel-linux-x86_64-fedora-gcc, r-devel-windows-x86_64-gcc10-UCRT, r-patched-solaris-x86, r-release-macos-x86_64, r-oldrel-macos-x86_64