Last updated on 2021-04-11 07:47:42 CEST.
Flavor | Version | Tinstall | Tcheck | Ttotal | Status | Flags |
---|---|---|---|---|---|---|
r-devel-linux-x86_64-debian-clang | 0.3.1 | 49.63 | 60.61 | 110.24 | NOTE | |
r-devel-linux-x86_64-debian-gcc | 0.3.1 | 34.74 | 40.95 | 75.69 | NOTE | |
r-devel-linux-x86_64-fedora-clang | 0.3.1 | 152.70 | NOTE | |||
r-devel-linux-x86_64-fedora-gcc | 0.3.1 | 132.41 | NOTE | |||
r-devel-windows-ix86+x86_64 | 0.3.1 | 91.00 | 78.00 | 169.00 | NOTE | |
r-devel-windows-x86_64-gcc10-UCRT | 0.3.1 | NOTE | ||||
r-patched-linux-x86_64 | 0.3.1 | 41.84 | 51.47 | 93.31 | OK | |
r-patched-solaris-x86 | 0.3.1 | 135.40 | OK | |||
r-release-linux-x86_64 | 0.3.1 | 42.52 | 50.85 | 93.37 | OK | |
r-release-macos-x86_64 | 0.3.1 | OK | ||||
r-release-windows-ix86+x86_64 | 0.3.1 | 88.00 | 110.00 | 198.00 | OK | |
r-oldrel-macos-x86_64 | 0.3.1 | OK | ||||
r-oldrel-windows-ix86+x86_64 | 0.3.1 | 103.00 | 97.00 | 200.00 | OK |
Version: 0.3.1
Check: LazyData
Result: NOTE
'LazyData' is specified without a 'data' directory
Flavors: r-devel-linux-x86_64-debian-clang, r-devel-linux-x86_64-debian-gcc, r-devel-linux-x86_64-fedora-clang, r-devel-linux-x86_64-fedora-gcc, r-devel-windows-ix86+x86_64, r-devel-windows-x86_64-gcc10-UCRT