Last updated on 2021-03-07 19:49:00 CET.
Flavor | Version | Tinstall | Tcheck | Ttotal | Status | Flags |
---|---|---|---|---|---|---|
r-devel-linux-x86_64-debian-clang | 0.4 | 41.44 | 68.94 | 110.38 | OK | |
r-devel-linux-x86_64-debian-gcc | 0.4 | 34.32 | 50.96 | 85.28 | OK | |
r-devel-linux-x86_64-fedora-clang | 0.4 | 162.97 | NOTE | |||
r-devel-linux-x86_64-fedora-gcc | 0.4 | 151.74 | OK | |||
r-devel-windows-ix86+x86_64 | 0.4 | 100.00 | 139.00 | 239.00 | OK | |
r-devel-windows-x86_64-gcc10-UCRT | 0.4 | OK | ||||
r-patched-linux-x86_64 | 0.4 | 40.95 | 64.35 | 105.30 | OK | |
r-patched-solaris-x86 | 0.4 | 163.80 | OK | |||
r-release-linux-x86_64 | 0.4 | 42.74 | 64.29 | 107.03 | OK | |
r-release-macos-x86_64 | 0.4 | NOTE | ||||
r-release-windows-ix86+x86_64 | 0.4 | 83.00 | 104.00 | 187.00 | OK | |
r-oldrel-macos-x86_64 | 0.4 | NOTE | ||||
r-oldrel-windows-ix86+x86_64 | 0.4 | 72.00 | 100.00 | 172.00 | OK |
Version: 0.4
Check: installed package size
Result: NOTE
installed size is 5.9Mb
sub-directories of 1Mb or more:
libs 5.3Mb
Flavors: r-devel-linux-x86_64-fedora-clang, r-release-macos-x86_64, r-oldrel-macos-x86_64