CRAN Package Check Results for Package MCMCglmm

Last updated on 2021-03-06 07:53:23 CET.

Flavor Version Tinstall Tcheck Ttotal Status Flags
r-devel-linux-x86_64-debian-clang 2.30 47.99 143.55 191.54 OK
r-devel-linux-x86_64-debian-gcc 2.30 34.74 109.98 144.72 OK
r-devel-linux-x86_64-fedora-clang 2.30 257.88 NOTE
r-devel-linux-x86_64-fedora-gcc 2.30 241.51 OK
r-devel-windows-ix86+x86_64 2.30 155.00 208.00 363.00 NOTE
r-patched-linux-x86_64 2.30 OK
r-patched-solaris-x86 2.30 300.00 OK
r-release-linux-x86_64 2.30 41.93 135.99 177.92 OK
r-release-macos-x86_64 2.30 OK
r-release-windows-ix86+x86_64 2.30 129.00 164.00 293.00 NOTE
r-oldrel-macos-x86_64 2.30 OK
r-oldrel-windows-ix86+x86_64 2.30 111.00 150.00 261.00 NOTE

Check Details

Version: 2.30
Check: Rd cross-references
Result: NOTE
    Undeclared packages ‘MCMCpack’, ‘bayesm’, ‘msm’ in Rd xrefs
Flavor: r-devel-linux-x86_64-fedora-clang

Version: 2.30
Check: installed package size
Result: NOTE
     installed size is 5.9Mb
     sub-directories of 1Mb or more:
     doc 3.3Mb
     libs 2.1Mb
Flavors: r-devel-windows-ix86+x86_64, r-release-windows-ix86+x86_64, r-oldrel-windows-ix86+x86_64