Last updated on 2023-03-20 11:53:52 CET.
Flavor | Version | Tinstall | Tcheck | Ttotal | Status | Flags |
---|---|---|---|---|---|---|
r-devel-linux-x86_64-debian-clang | 0.0.22 | NOTE | ||||
r-devel-linux-x86_64-debian-gcc | 0.0.22 | 16.94 | 369.75 | 386.69 | NOTE | |
r-devel-linux-x86_64-fedora-clang | 0.0.22 | 571.80 | NOTE | |||
r-devel-linux-x86_64-fedora-gcc | 0.0.22 | 616.37 | NOTE | |||
r-devel-windows-x86_64 | 0.0.22 | 124.00 | 583.00 | 707.00 | NOTE | |
r-patched-linux-x86_64 | 0.0.22 | 19.93 | 408.30 | 428.23 | NOTE | |
r-release-linux-x86_64 | 0.0.22 | 20.01 | 410.19 | 430.20 | NOTE | |
r-release-macos-arm64 | 0.0.22 | 216.00 | NOTE | |||
r-release-macos-x86_64 | 0.0.22 | 469.00 | NOTE | |||
r-release-windows-x86_64 | 0.0.22 | 128.00 | 587.00 | 715.00 | NOTE | |
r-oldrel-macos-arm64 | 0.0.22 | 189.00 | NOTE | |||
r-oldrel-macos-x86_64 | 0.0.22 | 469.00 | NOTE | |||
r-oldrel-windows-ix86+x86_64 | 0.0.22 | 35.00 | 881.00 | 916.00 | NOTE |
Version: 0.0.22
Check: package dependencies
Result: NOTE
Package suggested but not available for checking: ‘cplexAPI’
Flavors: r-devel-linux-x86_64-debian-clang, r-devel-linux-x86_64-debian-gcc, r-devel-linux-x86_64-fedora-clang, r-devel-linux-x86_64-fedora-gcc, r-devel-windows-x86_64, r-patched-linux-x86_64, r-release-linux-x86_64, r-release-macos-arm64, r-release-macos-x86_64, r-release-windows-x86_64, r-oldrel-macos-arm64, r-oldrel-macos-x86_64, r-oldrel-windows-ix86+x86_64