CRAN Package Check Results for Package MARSS

Last updated on 2024-07-18 00:54:58 CEST.

Flavor Version Tinstall Tcheck Ttotal Status Flags
r-devel-linux-x86_64-debian-clang 3.11.9 25.64 315.35 340.99 NOTE
r-devel-linux-x86_64-debian-gcc 3.11.9 20.61 224.98 245.59 NOTE
r-devel-linux-x86_64-fedora-clang 3.11.9 413.94 NOTE
r-devel-linux-x86_64-fedora-gcc 3.11.9 401.44 NOTE
r-devel-windows-x86_64 3.11.9 20.00 281.00 301.00 NOTE
r-patched-linux-x86_64 3.11.9 28.99 297.32 326.31 NOTE
r-release-linux-x86_64 3.11.9 21.78 292.69 314.47 NOTE
r-release-macos-arm64 3.11.9 105.00 NOTE
r-release-macos-x86_64 3.11.9 210.00 NOTE
r-release-windows-x86_64 3.11.9 21.00 283.00 304.00 NOTE
r-oldrel-macos-arm64 3.11.9 120.00 NOTE
r-oldrel-macos-x86_64 3.11.9 311.00 NOTE
r-oldrel-windows-x86_64 3.11.9 27.00 341.00 368.00 NOTE

Check Details

Version: 3.11.9
Check: package dependencies
Result: NOTE Package suggested but not available for checking: ‘marssTMB’ Flavors: r-devel-linux-x86_64-debian-clang, r-devel-linux-x86_64-debian-gcc, r-devel-linux-x86_64-fedora-clang, r-devel-linux-x86_64-fedora-gcc, r-devel-windows-x86_64, r-patched-linux-x86_64, r-release-linux-x86_64, r-release-macos-arm64, r-release-macos-x86_64, r-release-windows-x86_64, r-oldrel-macos-arm64, r-oldrel-macos-x86_64, r-oldrel-windows-x86_64

Version: 3.11.9
Check: Rd cross-references
Result: NOTE Found the following Rd file(s) with Rd \link{} targets missing package anchors: MARSSFisherI.Rd: fdHess, nlme Please provide package anchors for all Rd \link{} targets not in the package itself and the base packages. Flavor: r-devel-windows-x86_64