Last updated on 2024-12-21 03:50:43 CET.
Flavor | Version | Tinstall | Tcheck | Ttotal | Status | Flags |
---|---|---|---|---|---|---|
r-devel-linux-x86_64-debian-clang | 0.4.47 | 15.25 | 83.18 | 98.43 | OK | |
r-devel-linux-x86_64-debian-gcc | 0.4.47 | 12.90 | 60.62 | 73.52 | OK | |
r-devel-linux-x86_64-fedora-clang | 0.4.47 | 171.09 | OK | |||
r-devel-linux-x86_64-fedora-gcc | 0.4.47 | 175.80 | OK | |||
r-devel-windows-x86_64 | 0.4.47 | 19.00 | 111.00 | 130.00 | OK | |
r-patched-linux-x86_64 | 0.4.47 | 17.12 | 79.56 | 96.68 | OK | |
r-release-linux-x86_64 | 0.4.47 | 16.35 | 79.85 | 96.20 | OK | |
r-release-macos-arm64 | 0.4.47 | 62.00 | NOTE | |||
r-release-macos-x86_64 | 0.4.47 | 135.00 | NOTE | |||
r-release-windows-x86_64 | 0.4.47 | 19.00 | 112.00 | 131.00 | OK | |
r-oldrel-macos-arm64 | 0.4.47 | 65.00 | NOTE | |||
r-oldrel-macos-x86_64 | 0.4.47 | 100.00 | NOTE | |||
r-oldrel-windows-x86_64 | 0.4.47 | 24.00 | 134.00 | 158.00 | OK |
Version: 0.4.47
Check: installed package size
Result: NOTE
installed size is 5.1Mb
sub-directories of 1Mb or more:
data 3.3Mb
extdata 1.3Mb
Flavors: r-release-macos-arm64, r-release-macos-x86_64, r-oldrel-macos-arm64, r-oldrel-macos-x86_64