Last updated on 2022-05-24 23:53:11 CEST.
Flavor | Version | Tinstall | Tcheck | Ttotal | Status | Flags |
---|---|---|---|---|---|---|
r-devel-linux-x86_64-debian-clang | 1.1.2 | 106.42 | 196.39 | 302.81 | NOTE | |
r-devel-linux-x86_64-debian-gcc | 1.1.2 | 104.67 | 146.45 | 251.12 | NOTE | |
r-devel-linux-x86_64-fedora-clang | 1.1.2 | 393.31 | NOTE | |||
r-devel-linux-x86_64-fedora-gcc | 1.1.2 | 402.88 | NOTE | |||
r-devel-windows-x86_64 | 1.1.2 | 91.00 | 250.00 | 341.00 | NOTE | |
r-patched-linux-x86_64 | 1.1.2 | 90.40 | 191.21 | 281.61 | NOTE | |
r-release-linux-x86_64 | 1.1.2 | NOTE | ||||
r-release-macos-arm64 | 1.1.2 | 107.00 | NOTE | |||
r-release-macos-x86_64 | 1.1.2 | 178.00 | NOTE | |||
r-release-windows-x86_64 | 1.1.2 | 91.00 | 250.00 | 341.00 | NOTE | |
r-oldrel-macos-arm64 | 1.1.2 | 125.00 | NOTE | |||
r-oldrel-macos-x86_64 | 1.1.2 | 1803.00 | WARN | |||
r-oldrel-windows-ix86+x86_64 | 1.1.2 | 271.00 | 304.00 | 575.00 | NOTE |
Version: 1.1.2
Check: for GNU extensions in Makefiles
Result: NOTE
GNU make is a SystemRequirements.
Flavors: r-devel-linux-x86_64-debian-clang, r-devel-linux-x86_64-debian-gcc, r-devel-linux-x86_64-fedora-clang, r-devel-linux-x86_64-fedora-gcc, r-devel-windows-x86_64, r-patched-linux-x86_64, r-release-linux-x86_64, r-release-macos-arm64, r-release-macos-x86_64, r-release-windows-x86_64, r-oldrel-macos-arm64, r-oldrel-macos-x86_64, r-oldrel-windows-ix86+x86_64
Version: 1.1.2
Check: installed package size
Result: NOTE
installed size is 20.8Mb
sub-directories of 1Mb or more:
libs 20.3Mb
Flavors: r-devel-linux-x86_64-fedora-clang, r-release-macos-arm64, r-release-macos-x86_64, r-oldrel-macos-arm64, r-oldrel-macos-x86_64
Version: 1.1.2
Check: re-building of vignette outputs
Result: WARN
Error(s) in re-building vignettes:
...
--- re-building ‘MADPop-quicktut.Rmd’ using rmarkdown
Warning in engine$weave(file, quiet = quiet, encoding = enc) :
Pandoc (>= 1.12.3) not available. Falling back to R Markdown v1.
* checking PDF version of manual ...* using check arguments '--no-clean-on-error '
Flavor: r-oldrel-macos-x86_64