CRAN Package Check Results for Package MAAPER

Last updated on 2024-04-13 16:50:12 CEST.

Flavor Version Tinstall Tcheck Ttotal Status Flags
r-devel-linux-x86_64-debian-clang 1.1.1 44.25 442.55 486.80 OK
r-devel-linux-x86_64-debian-gcc 1.1.1 41.04 321.86 362.90 OK
r-devel-linux-x86_64-fedora-clang 1.1.1 658.85 OK
r-devel-linux-x86_64-fedora-gcc 1.1.1 634.90 OK
r-devel-windows-x86_64 1.1.1 12.00 5.00 17.00 ERROR
r-patched-linux-x86_64 1.1.1 30.13 413.48 443.61 OK
r-release-linux-x86_64 1.1.1 50.02 440.34 490.36 OK
r-release-macos-arm64 1.1.1 160.00 OK
r-release-macos-x86_64 1.1.1 313.00 OK
r-release-windows-x86_64 1.1.1 43.00 400.00 443.00 OK
r-oldrel-macos-arm64 1.1.1 134.00 OK
r-oldrel-windows-x86_64 1.1.1 60.00 370.00 430.00 OK

Check Details

Version: 1.1.1
Check: whether package can be installed
Result: ERROR Installation failed. Flavor: r-devel-windows-x86_64