CRAN Package Check Results for Package MAAPER

Last updated on 2024-12-21 03:50:43 CET.

Flavor Version Tinstall Tcheck Ttotal Status Flags
r-devel-linux-x86_64-debian-clang 1.1.1 0.21 1.94 2.15 ERROR
r-devel-linux-x86_64-debian-gcc 1.1.1 32.90 248.15 281.05 OK
r-devel-linux-x86_64-fedora-clang 1.1.1 638.18 OK
r-devel-linux-x86_64-fedora-gcc 1.1.1 615.36 OK
r-devel-windows-x86_64 1.1.1 39.00 275.00 314.00 OK
r-patched-linux-x86_64 1.1.1 45.23 322.47 367.70 OK
r-release-linux-x86_64 1.1.1 37.82 320.16 357.98 OK
r-release-macos-arm64 1.1.1 159.00 OK
r-release-macos-x86_64 1.1.1 253.00 OK
r-release-windows-x86_64 1.1.1 41.00 284.00 325.00 OK
r-oldrel-macos-arm64 1.1.1 160.00 OK
r-oldrel-macos-x86_64 1.1.1 313.00 OK
r-oldrel-windows-x86_64 1.1.1 43.00 398.00 441.00 OK

Check Details

Version: 1.1.1
Check: package dependencies
Result: ERROR Packages required but not available: 'GenomicAlignments', 'GenomicFeatures', 'Rsamtools' See section ‘The DESCRIPTION file’ in the ‘Writing R Extensions’ manual. Flavor: r-devel-linux-x86_64-debian-clang