CRAN Package Check Results for Package LowWAFOMSobol

Last updated on 2021-02-24 19:48:10 CET.

Flavor Version Tinstall Tcheck Ttotal Status Flags
r-devel-linux-x86_64-debian-clang 1.1.1 31.11 42.28 73.39 OK
r-devel-linux-x86_64-debian-gcc 1.1.1 17.91 33.04 50.95 OK
r-devel-linux-x86_64-fedora-clang 1.1.1 108.02 NOTE
r-devel-linux-x86_64-fedora-gcc 1.1.1 87.39 OK
r-devel-windows-ix86+x86_64 1.1.1 50.00 71.00 121.00 NOTE
r-patched-linux-x86_64 1.1.1 22.93 40.14 63.07 OK
r-patched-solaris-x86 1.1.1 108.80 OK
r-release-linux-x86_64 1.1.1 23.76 40.51 64.27 OK
r-release-macos-x86_64 1.1.1 NOTE
r-release-windows-ix86+x86_64 1.1.1 70.00 100.00 170.00 NOTE
r-oldrel-macos-x86_64 1.1.1 NOTE
r-oldrel-windows-ix86+x86_64 1.1.1 51.00 82.00 133.00 NOTE

Check Details

Version: 1.1.1
Check: installed package size
Result: NOTE
     installed size is 5.8Mb
     sub-directories of 1Mb or more:
     extdata 4.5Mb
     libs 1.2Mb
Flavors: r-devel-linux-x86_64-fedora-clang, r-devel-windows-ix86+x86_64, r-release-macos-x86_64, r-release-windows-ix86+x86_64, r-oldrel-macos-x86_64, r-oldrel-windows-ix86+x86_64