CRAN Package Check Results for Package LinRegInteractive

Last updated on 2024-06-13 16:49:12 CEST.

Flavor Version Tinstall Tcheck Ttotal Status Flags
r-devel-linux-x86_64-debian-clang 0.3-3 5.09 50.50 55.59 OK
r-devel-linux-x86_64-debian-gcc 0.3-3 3.59 38.11 41.70 NOTE
r-devel-linux-x86_64-fedora-clang 0.3-3 71.25 OK
r-devel-linux-x86_64-fedora-gcc 0.3-3 80.04 OK
r-devel-windows-x86_64 0.3-3 4.00 78.00 82.00 OK
r-patched-linux-x86_64 0.3-3 7.65 49.90 57.55 OK
r-release-linux-x86_64 0.3-3 5.77 50.41 56.18 OK
r-release-macos-arm64 0.3-3 37.00 OK
r-release-macos-x86_64 0.3-3 51.00 OK
r-release-windows-x86_64 0.3-3 5.00 78.00 83.00 OK
r-oldrel-macos-arm64 0.3-3 34.00 OK
r-oldrel-macos-x86_64 0.3-3 50.00 OK
r-oldrel-windows-x86_64 0.3-3 5.00 75.00 80.00 OK

Check Details

Version: 0.3-3
Check: package dependencies
Result: NOTE Package suggested but not available for checking: ‘AER’ Flavor: r-devel-linux-x86_64-debian-gcc