CRAN Package Check Results for Package LakeMetabolizer

Last updated on 2024-06-13 16:49:12 CEST.

Flavor Version Tinstall Tcheck Ttotal Status Flags
r-devel-linux-x86_64-debian-clang 1.5.5 8.82 61.32 70.14 OK
r-devel-linux-x86_64-debian-gcc 1.5.5 5.36 45.54 50.90 ERROR
r-devel-linux-x86_64-fedora-clang 1.5.5 83.69 OK
r-devel-linux-x86_64-fedora-gcc 1.5.5 81.10 OK
r-devel-windows-x86_64 1.5.5 11.00 76.00 87.00 OK
r-patched-linux-x86_64 1.5.5 11.54 59.28 70.82 OK
r-release-linux-x86_64 1.5.5 7.66 59.42 67.08 OK
r-release-macos-arm64 1.5.5 28.00 OK
r-release-macos-x86_64 1.5.5 47.00 OK
r-release-windows-x86_64 1.5.5 11.00 77.00 88.00 OK
r-oldrel-macos-arm64 1.5.5 31.00 OK
r-oldrel-macos-x86_64 1.5.5 46.00 OK
r-oldrel-windows-x86_64 1.5.5 13.00 81.00 94.00 OK

Check Details

Version: 1.5.5
Check: package dependencies
Result: NOTE Packages suggested but not available for checking: 'R2jags', 'testthat' Flavor: r-devel-linux-x86_64-debian-gcc

Version: 1.5.5
Check: tests
Result: ERROR Running ‘testthat.R’ [0s/1s] Running the tests in ‘tests/testthat.R’ failed. Complete output: > library(testthat) Error in library(testthat) : there is no package called 'testthat' Execution halted Flavor: r-devel-linux-x86_64-debian-gcc