CRAN Package Check Results for Package LadR

Last updated on 2021-09-21 07:50:15 CEST.

Flavor Version Tinstall Tcheck Ttotal Status Flags
r-devel-linux-x86_64-debian-clang 1.0.6 3.41 25.68 29.09 OK
r-devel-linux-x86_64-debian-gcc 1.0.6 2.80 20.37 23.17 OK
r-devel-linux-x86_64-fedora-clang 1.0.6 44.39 OK
r-devel-linux-x86_64-fedora-gcc 1.0.6 35.52 OK
r-devel-windows-x86_64 1.0.6 6.00 33.00 39.00 OK
r-devel-windows-x86_64-gcc10-UCRT 1.0.6 ERROR
r-patched-linux-x86_64 1.0.6 3.36 25.23 28.59 OK
r-patched-solaris-x86 1.0.6 54.20 OK
r-release-linux-x86_64 1.0.6 3.29 24.99 28.28 OK
r-release-macos-arm64 1.0.6 OK
r-release-macos-x86_64 1.0.6 OK
r-release-windows-ix86+x86_64 1.0.6 10.00 48.00 58.00 OK
r-oldrel-macos-x86_64 1.0.6 OK
r-oldrel-windows-ix86+x86_64 1.0.6 8.00 39.00 47.00 OK

Check Details

Version: 1.0.6
Check: whether package can be installed
Result: ERROR
    Installation failed.
Flavor: r-devel-windows-x86_64-gcc10-UCRT