CRAN Package Check Results for Package LSMRealOptions

Last updated on 2021-06-15 07:49:10 CEST.

Flavor Version Tinstall Tcheck Ttotal Status Flags
r-devel-linux-x86_64-debian-clang 0.2.0 2.82 207.86 210.68 OK
r-devel-linux-x86_64-debian-gcc 0.2.0 2.30 165.05 167.35 OK
r-devel-linux-x86_64-fedora-clang 0.2.0 261.49 NOTE
r-devel-linux-x86_64-fedora-gcc 0.2.0 266.00 NOTE
r-devel-windows-x86_64 0.2.0 6.00 245.00 251.00 OK
r-devel-windows-x86_64-gcc10-UCRT 0.2.0 NOTE
r-patched-linux-x86_64 0.2.0 3.48 210.59 214.07 OK
r-patched-solaris-x86 0.2.0 614.50 NOTE
r-release-linux-x86_64 0.2.0 3.41 215.18 218.59 OK
r-release-macos-arm64 0.2.0 NOTE
r-release-macos-x86_64 0.2.0 NOTE
r-release-windows-ix86+x86_64 0.2.0 7.00 294.00 301.00 OK
r-oldrel-macos-x86_64 0.2.0 NOTE
r-oldrel-windows-ix86+x86_64 0.2.0 5.00 301.00 306.00 OK

Check Details

Version: 0.2.0
Check: dependencies in R code
Result: NOTE
    Namespace in Imports field not imported from: ‘lifecycle’
     All declared Imports should be used.
Flavors: r-devel-linux-x86_64-fedora-clang, r-devel-linux-x86_64-fedora-gcc, r-devel-windows-x86_64-gcc10-UCRT, r-patched-solaris-x86, r-release-macos-arm64, r-release-macos-x86_64, r-oldrel-macos-x86_64