Last updated on 2021-04-14 23:47:16 CEST.
Flavor | Version | Tinstall | Tcheck | Ttotal | Status | Flags |
---|---|---|---|---|---|---|
r-devel-linux-x86_64-debian-clang | 1.2.2 | 2.19 | 29.20 | 31.39 | OK | |
r-devel-linux-x86_64-debian-gcc | 1.2.2 | 1.95 | 22.52 | 24.47 | OK | |
r-devel-linux-x86_64-fedora-clang | 1.2.2 | 49.33 | OK | |||
r-devel-linux-x86_64-fedora-gcc | 1.2.2 | 38.04 | OK | |||
r-devel-windows-ix86+x86_64 | 1.2.2 | 6.00 | 45.00 | 51.00 | OK | |
r-devel-windows-x86_64-gcc10-UCRT | 1.2.2 | OK | ||||
r-patched-linux-x86_64 | 1.2.2 | 2.46 | 27.91 | 30.37 | OK | |
r-patched-solaris-x86 | 1.2.2 | 56.10 | OK | |||
r-release-linux-x86_64 | 1.2.2 | 2.32 | 28.08 | 30.40 | OK | |
r-release-macos-x86_64 | 1.2.2 | ERROR | ||||
r-release-windows-ix86+x86_64 | 1.2.2 | 17.00 | 47.00 | 64.00 | OK | |
r-oldrel-macos-x86_64 | 1.2.2 | OK | ||||
r-oldrel-windows-ix86+x86_64 | 1.2.2 | 5.00 | 33.00 | 38.00 | OK |
Version: 1.2.2
Check: package dependencies
Result: ERROR
Package required but not available: ‘GeneticsPed’
See section ‘The DESCRIPTION file’ in the ‘Writing R Extensions’
manual.
Flavor: r-release-macos-x86_64