CRAN Package Check Results for Package LOGAN

Last updated on 2021-03-07 19:48:59 CET.

Flavor Version Tinstall Tcheck Ttotal Status Flags
r-devel-linux-x86_64-debian-clang 1.0.0 3.81 32.70 36.51 OK
r-devel-linux-x86_64-debian-gcc 1.0.0 3.60 28.10 31.70 OK
r-devel-linux-x86_64-fedora-clang 1.0.0 61.14 NOTE
r-devel-linux-x86_64-fedora-gcc 1.0.0 47.44 NOTE
r-devel-windows-ix86+x86_64 1.0.0 8.00 50.00 58.00 OK
r-devel-windows-x86_64-gcc10-UCRT 1.0.0 NOTE
r-patched-linux-x86_64 1.0.0 4.23 35.11 39.34 OK
r-patched-solaris-x86 1.0.0 71.70 NOTE
r-release-linux-x86_64 1.0.0 3.66 35.76 39.42 OK
r-release-macos-x86_64 1.0.0 NOTE
r-release-windows-ix86+x86_64 1.0.0 8.00 38.00 46.00 OK
r-oldrel-macos-x86_64 1.0.0 NOTE
r-oldrel-windows-ix86+x86_64 1.0.0 4.00 36.00 40.00 OK

Check Details

Version: 1.0.0
Check: dependencies in R code
Result: NOTE
    Namespace in Imports field not imported from: ‘modules’
     All declared Imports should be used.
Flavors: r-devel-linux-x86_64-fedora-clang, r-devel-linux-x86_64-fedora-gcc, r-devel-windows-x86_64-gcc10-UCRT, r-patched-solaris-x86, r-release-macos-x86_64, r-oldrel-macos-x86_64