Last updated on 2021-03-06 03:54:45 CET.
Flavor | Version | Tinstall | Tcheck | Ttotal | Status | Flags |
---|---|---|---|---|---|---|
r-devel-linux-x86_64-debian-clang | 0.2.1 | 5.15 | 56.71 | 61.86 | OK | |
r-devel-linux-x86_64-debian-gcc | 0.2.1 | 3.95 | 42.37 | 46.32 | OK | |
r-devel-linux-x86_64-fedora-clang | 0.2.1 | 84.25 | NOTE | |||
r-devel-linux-x86_64-fedora-gcc | 0.2.1 | 71.45 | NOTE | |||
r-devel-windows-ix86+x86_64 | 0.2.1 | 13.00 | 76.00 | 89.00 | OK | |
r-patched-linux-x86_64 | 0.2.1 | OK | ||||
r-patched-solaris-x86 | 0.2.1 | 101.40 | NOTE | |||
r-release-linux-x86_64 | 0.2.1 | 4.59 | 53.67 | 58.26 | OK | |
r-release-macos-x86_64 | 0.2.1 | NOTE | ||||
r-release-windows-ix86+x86_64 | 0.2.1 | 10.00 | 61.00 | 71.00 | OK | |
r-oldrel-macos-x86_64 | 0.2.1 | NOTE | ||||
r-oldrel-windows-ix86+x86_64 | 0.2.1 | 6.00 | 52.00 | 58.00 | OK |
Version: 0.2.1
Check: dependencies in R code
Result: NOTE
Namespaces in Imports field not imported from:
‘dplyr’ ‘tibble’
All declared Imports should be used.
Flavors: r-devel-linux-x86_64-fedora-clang, r-devel-linux-x86_64-fedora-gcc, r-patched-solaris-x86, r-release-macos-x86_64, r-oldrel-macos-x86_64