CRAN Package Check Results for Package KnowBR

Last updated on 2021-06-20 19:50:30 CEST.

Flavor Version Tinstall Tcheck Ttotal Status Flags
r-devel-linux-x86_64-debian-clang 2.0 14.74 105.62 120.36 NOTE
r-devel-linux-x86_64-debian-gcc 2.0 12.71 80.23 92.94 NOTE
r-devel-linux-x86_64-fedora-clang 2.0 152.56 NOTE
r-devel-linux-x86_64-fedora-gcc 2.0 141.96 NOTE
r-devel-windows-x86_64 2.0 21.00 128.00 149.00 OK
r-devel-windows-x86_64-gcc10-UCRT 2.0 NOTE
r-patched-linux-x86_64 2.0 14.25 101.28 115.53 NOTE
r-patched-solaris-x86 2.0 196.50 NOTE
r-release-linux-x86_64 2.0 13.49 101.01 114.50 NOTE
r-release-macos-arm64 2.0 NOTE
r-release-macos-x86_64 2.0 NOTE
r-release-windows-ix86+x86_64 2.0 28.00 125.00 153.00 OK
r-oldrel-macos-x86_64 2.0 NOTE

Check Details

Version: 2.0
Check: for non-standard things in the check directory
Result: NOTE
    Found the following files/directories:
     'Completeness.RData' 'Estimators.RData' 'Inf.txt' 'List of
     species.RData' 'Observed richness.RData' 'Records.RData'
     'Slope.RData' 'Standard error of the estimators.RData'
Flavors: r-devel-linux-x86_64-debian-clang, r-devel-linux-x86_64-debian-gcc, r-devel-linux-x86_64-fedora-clang, r-devel-linux-x86_64-fedora-gcc, r-patched-linux-x86_64, r-patched-solaris-x86, r-release-linux-x86_64

Version: 2.0
Check: Rd cross-references
Result: NOTE
    Undeclared package ‘splancs’ in Rd xrefs
Flavor: r-devel-linux-x86_64-fedora-clang

Version: 2.0
Check: data for non-ASCII characters
Result: NOTE
     Note: found 9 marked Latin-1 strings
Flavors: r-devel-linux-x86_64-fedora-clang, r-devel-linux-x86_64-fedora-gcc, r-devel-windows-x86_64-gcc10-UCRT, r-patched-solaris-x86, r-release-macos-arm64, r-release-macos-x86_64, r-oldrel-macos-x86_64

Version: 2.0
Check: package dependencies
Result: NOTE
    Package suggested but not available for checking: 'rgbif'
Flavor: r-devel-windows-x86_64-gcc10-UCRT