CRAN Package Check Results for Package JumpeR

Last updated on 2021-06-13 07:49:50 CEST.

Flavor Version Tinstall Tcheck Ttotal Status Flags
r-devel-linux-x86_64-debian-clang 0.1.4 8.52 59.80 68.32 NOTE
r-devel-linux-x86_64-debian-gcc 0.1.4 6.21 44.58 50.79 NOTE
r-devel-linux-x86_64-fedora-clang 0.1.4 87.01 NOTE
r-devel-linux-x86_64-fedora-gcc 0.1.4 84.83 NOTE
r-devel-windows-x86_64 0.1.4 15.00 76.00 91.00 NOTE
r-devel-windows-x86_64-gcc10-UCRT 0.1.4 NOTE
r-patched-linux-x86_64 0.1.4 11.42 55.51 66.93 NOTE
r-patched-solaris-x86 0.1.4 122.80 NOTE
r-release-linux-x86_64 0.1.4 5.41 56.16 61.57 NOTE
r-release-macos-arm64 0.1.4 NOTE
r-release-macos-x86_64 0.1.4 NOTE
r-release-windows-ix86+x86_64 0.1.4 14.00 81.00 95.00 NOTE
r-oldrel-macos-x86_64 0.1.4 OK
r-oldrel-windows-ix86+x86_64 0.1.4 18.00 79.00 97.00 OK

Check Details

Version: 0.1.4
Check: LazyData
Result: NOTE
     'LazyData' is specified without a 'data' directory
Flavors: r-devel-linux-x86_64-debian-clang, r-devel-linux-x86_64-debian-gcc, r-devel-linux-x86_64-fedora-clang, r-devel-linux-x86_64-fedora-gcc, r-devel-windows-x86_64, r-devel-windows-x86_64-gcc10-UCRT, r-patched-linux-x86_64, r-patched-solaris-x86, r-release-linux-x86_64, r-release-macos-arm64, r-release-macos-x86_64, r-release-windows-ix86+x86_64