CRAN Package Check Results for Package JumpTest

Last updated on 2021-06-17 15:49:10 CEST.

Flavor Version Tinstall Tcheck Ttotal Status Flags
r-devel-linux-x86_64-debian-clang 1.1 26.27 93.51 119.78 NOTE
r-devel-linux-x86_64-debian-gcc 1.1 14.57 67.81 82.38 NOTE
r-devel-linux-x86_64-fedora-clang 1.1 153.88 OK
r-devel-linux-x86_64-fedora-gcc 1.1 140.71 OK
r-devel-windows-x86_64 1.1 32.00 102.00 134.00 NOTE
r-devel-windows-x86_64-gcc10-UCRT 1.1 OK
r-patched-linux-x86_64 1.1 18.99 91.32 110.31 NOTE
r-patched-solaris-x86 1.1 189.00 OK
r-release-linux-x86_64 1.1 19.73 92.48 112.21 NOTE
r-release-macos-arm64 1.1 OK
r-release-macos-x86_64 1.1 OK
r-release-windows-ix86+x86_64 1.1 59.00 154.00 213.00 NOTE
r-oldrel-macos-x86_64 1.1 OK
r-oldrel-windows-ix86+x86_64 1.1 44.00 160.00 204.00 NOTE

Check Details

Version: 1.1
Check: package vignettes
Result: NOTE
    Package vignette with placeholder title 'Vignette Title':
     'jumptest.Rmd'
Flavors: r-devel-linux-x86_64-debian-clang, r-devel-linux-x86_64-debian-gcc, r-devel-windows-x86_64, r-patched-linux-x86_64, r-release-linux-x86_64, r-release-windows-ix86+x86_64, r-oldrel-windows-ix86+x86_64