CRAN Package Check Results for Package JoF

Last updated on 2021-12-04 19:52:59 CET.

Flavor Version Tinstall Tcheck Ttotal Status Flags
r-devel-linux-x86_64-debian-clang 0.1.0 2.67 37.38 40.05 NOTE
r-devel-linux-x86_64-debian-gcc 0.1.0 1.62 30.01 31.63 NOTE
r-devel-linux-x86_64-fedora-clang 0.1.0 50.57 NOTE
r-devel-linux-x86_64-fedora-gcc 0.1.0 41.25 NOTE
r-devel-windows-x86_64-new-UL 0.1.0 10.00 64.00 74.00 NOTE
r-devel-windows-x86_64-new-TK 0.1.0 NOTE
r-devel-windows-x86_64-old 0.1.0 5.00 38.00 43.00 NOTE
r-patched-linux-x86_64 0.1.0 2.90 28.15 31.05 NOTE
r-release-linux-x86_64 0.1.0 2.25 28.76 31.01 NOTE
r-release-macos-arm64 0.1.0 NOTE
r-release-macos-x86_64 0.1.0 NOTE
r-release-windows-ix86+x86_64 0.1.0 6.00 47.00 53.00 NOTE
r-oldrel-macos-x86_64 0.1.0 OK
r-oldrel-windows-ix86+x86_64 0.1.0 6.00 49.00 55.00 OK

Check Details

Version: 0.1.0
Check: LazyData
Result: NOTE
     'LazyData' is specified without a 'data' directory
Flavors: r-devel-linux-x86_64-debian-clang, r-devel-linux-x86_64-debian-gcc, r-devel-linux-x86_64-fedora-clang, r-devel-linux-x86_64-fedora-gcc, r-devel-windows-x86_64-new-UL, r-devel-windows-x86_64-new-TK, r-devel-windows-x86_64-old, r-patched-linux-x86_64, r-release-linux-x86_64, r-release-macos-arm64, r-release-macos-x86_64, r-release-windows-ix86+x86_64