CRAN Package Check Results for Package JOPS

Last updated on 2021-11-27 19:49:37 CET.

Flavor Version Tinstall Tcheck Ttotal Status Flags
r-devel-linux-x86_64-debian-clang 0.1.15 OK
r-devel-linux-x86_64-debian-gcc 0.1.15 10.72 99.68 110.40 OK
r-devel-linux-x86_64-fedora-clang 0.1.15 195.44 NOTE
r-devel-linux-x86_64-fedora-gcc 0.1.15 189.46 NOTE
r-devel-windows-x86_64-new-UL 0.1.15 32.00 193.00 225.00 OK
r-devel-windows-x86_64-new-TK 0.1.15 NOTE
r-devel-windows-x86_64-old 0.1.15 19.00 179.00 198.00 OK
r-patched-linux-x86_64 0.1.15 21.68 126.73 148.41 OK
r-patched-solaris-x86 0.1.15 309.00 NOTE
r-release-linux-x86_64 0.1.15 OK
r-release-macos-arm64 0.1.15 NOTE
r-release-macos-x86_64 0.1.15 NOTE
r-release-windows-ix86+x86_64 0.1.15 31.00 136.00 167.00 OK
r-oldrel-macos-x86_64 0.1.15 NOTE
r-oldrel-windows-ix86+x86_64 0.1.15 30.00 177.00 207.00 OK

Check Details

Version: 0.1.15
Check: dependencies in R code
Result: NOTE
    Namespaces in Imports field not imported from:
     ‘MASS’ ‘boot’ ‘fds’ ‘rpart’
     All declared Imports should be used.
Flavors: r-devel-linux-x86_64-fedora-clang, r-devel-linux-x86_64-fedora-gcc, r-devel-windows-x86_64-new-TK, r-patched-solaris-x86, r-release-macos-arm64, r-release-macos-x86_64, r-oldrel-macos-x86_64