CRAN Package Check Results for Package JFE

Last updated on 2021-05-09 15:46:51 CEST.

Flavor Version Tinstall Tcheck Ttotal Status Flags
r-devel-linux-x86_64-debian-clang 2.5.1 28.66 223.56 252.22 OK
r-devel-linux-x86_64-debian-gcc 2.5.1 21.59 163.88 185.47 OK
r-devel-linux-x86_64-fedora-clang 2.5.1 324.23 OK
r-devel-linux-x86_64-fedora-gcc 2.5.1 316.06 OK
r-devel-windows-ix86+x86_64 2.5.1 60.00 266.00 326.00 OK
r-devel-windows-x86_64-gcc10-UCRT 2.5.1 OK
r-patched-linux-x86_64 2.5.1 26.49 209.99 236.48 OK
r-patched-solaris-x86 2.5.1 431.00 OK
r-release-linux-x86_64 2.5.1 27.29 205.69 232.98 OK
r-release-macos-x86_64 2.5.1 OK
r-release-windows-ix86+x86_64 2.5.1 42.00 196.00 238.00 OK
r-oldrel-macos-x86_64 2.5.1 ERROR
r-oldrel-windows-ix86+x86_64 2.5.1 48.00 250.00 298.00 OK

Check Details

Version: 2.5.1
Check: whether package can be installed
Result: ERROR
    Installation failed.
Flavor: r-oldrel-macos-x86_64