CRAN Package Check Results for Package IsoriX

Last updated on 2021-06-21 11:52:08 CEST.

Flavor Version Tinstall Tcheck Ttotal Status Flags
r-devel-linux-x86_64-debian-clang 0.8.2 31.10 379.35 410.45 OK
r-devel-linux-x86_64-debian-gcc 0.8.2 25.55 289.89 315.44 OK
r-devel-linux-x86_64-fedora-clang 0.8.2 497.21 OK
r-devel-linux-x86_64-fedora-gcc 0.8.2 525.02 OK
r-devel-windows-x86_64 0.8.2 45.00 414.00 459.00 OK
r-devel-windows-x86_64-gcc10-UCRT 0.8.2 NOTE
r-patched-linux-x86_64 0.8.2 30.05 371.60 401.65 OK
r-patched-solaris-x86 0.8.2 667.30 OK
r-release-linux-x86_64 0.8.2 26.72 372.83 399.55 OK
r-release-macos-arm64 0.8.2 NOTE
r-release-macos-x86_64 0.8.2 OK
r-release-windows-ix86+x86_64 0.8.2 70.00 418.00 488.00 OK
r-oldrel-macos-x86_64 0.8.2 OK

Check Details

Version: 0.8.2
Check: package dependencies
Result: NOTE
    Package suggested but not available for checking: 'magick'
Flavor: r-devel-windows-x86_64-gcc10-UCRT

Version: 0.8.2
Check: package dependencies
Result: NOTE
    Package suggested but not available for checking: ‘rgdal’
Flavor: r-release-macos-arm64