Last updated on 2023-03-28 03:54:04 CEST.
Flavor | Version | Tinstall | Tcheck | Ttotal | Status | Flags |
---|---|---|---|---|---|---|
r-devel-linux-x86_64-debian-clang | 0.1.40 | 8.34 | 59.23 | 67.57 | OK | |
r-devel-linux-x86_64-debian-gcc | 0.1.40 | 6.32 | 46.27 | 52.59 | OK | |
r-devel-linux-x86_64-fedora-clang | 0.1.40 | 84.93 | NOTE | |||
r-devel-linux-x86_64-fedora-gcc | 0.1.40 | 84.09 | NOTE | |||
r-devel-windows-x86_64 | 0.1.40 | 19.00 | 88.00 | 107.00 | OK | |
r-patched-linux-x86_64 | 0.1.40 | 9.36 | 58.05 | 67.41 | OK | |
r-release-linux-x86_64 | 0.1.40 | 7.73 | 58.92 | 66.65 | OK | |
r-release-macos-arm64 | 0.1.40 | 29.00 | NOTE | |||
r-release-macos-x86_64 | 0.1.40 | 39.00 | NOTE | |||
r-release-windows-x86_64 | 0.1.40 | 23.00 | 94.00 | 117.00 | OK | |
r-oldrel-macos-arm64 | 0.1.40 | 30.00 | NOTE | |||
r-oldrel-macos-x86_64 | 0.1.40 | 44.00 | NOTE | |||
r-oldrel-windows-ix86+x86_64 | 0.1.40 | 18.00 | 88.00 | 106.00 | OK |
Version: 0.1.40
Check: dependencies in R code
Result: NOTE
Namespace in Imports field not imported from: ‘rmarkdown’
All declared Imports should be used.
Flavors: r-devel-linux-x86_64-fedora-clang, r-devel-linux-x86_64-fedora-gcc, r-release-macos-arm64, r-release-macos-x86_64, r-oldrel-macos-arm64, r-oldrel-macos-x86_64