CRAN Package Check Results for Package InvStablePrior

Last updated on 2024-04-15 09:39:13 CEST.

Flavor Version Tinstall Tcheck Ttotal Status Flags
r-devel-linux-x86_64-debian-clang 0.1.1 2.51 28.34 30.85 OK
r-devel-linux-x86_64-debian-gcc 0.1.1 1.91 21.90 23.81 OK
r-devel-linux-x86_64-fedora-clang 0.1.1 38.60 NOTE
r-devel-linux-x86_64-fedora-gcc 0.1.1 37.48 NOTE
r-devel-windows-x86_64 0.1.1 3.00 53.00 56.00 OK
r-patched-linux-x86_64 0.1.1 1.95 28.13 30.08 OK
r-release-linux-x86_64 0.1.1 2.46 28.31 30.77 OK
r-release-macos-arm64 0.1.1 17.00 OK
r-release-macos-x86_64 0.1.1 29.00 OK
r-release-windows-x86_64 0.1.1 3.00 48.00 51.00 OK
r-oldrel-macos-arm64 0.1.1 22.00 OK
r-oldrel-windows-x86_64 0.1.1 4.00 54.00 58.00 OK

Check Details

Version: 0.1.1
Check: dependencies in R code
Result: NOTE Namespaces in Imports field not imported from: ‘fdrtool’ ‘nimble’ All declared Imports should be used. Flavors: r-devel-linux-x86_64-fedora-clang, r-devel-linux-x86_64-fedora-gcc