CRAN Package Check Results for Package InSilicoVA

Last updated on 2021-06-15 19:52:55 CEST.

Flavor Version Tinstall Tcheck Ttotal Status Flags
r-devel-linux-x86_64-debian-clang 1.3.2 12.06 89.92 101.98 OK
r-devel-linux-x86_64-debian-gcc 1.3.2 8.65 66.78 75.43 OK
r-devel-linux-x86_64-fedora-clang 1.3.2 128.51 OK
r-devel-linux-x86_64-fedora-gcc 1.3.2 119.15 OK
r-devel-windows-x86_64 1.3.2 19.00 111.00 130.00 OK
r-devel-windows-x86_64-gcc10-UCRT 1.3.2 OK
r-patched-linux-x86_64 1.3.2 15.88 85.11 100.99 OK
r-patched-solaris-x86 1.3.2 161.10 NOTE
r-release-linux-x86_64 1.3.2 11.21 84.85 96.06 OK
r-release-macos-arm64 1.3.2 OK
r-release-macos-x86_64 1.3.2 OK
r-release-windows-ix86+x86_64 1.3.2 30.00 107.00 137.00 OK
r-oldrel-macos-x86_64 1.3.2 OK
r-oldrel-windows-ix86+x86_64 1.3.2 24.00 116.00 140.00 OK

Check Details

Version: 1.3.2
Check: installed package size
Result: NOTE
     installed size is 5.0Mb
     sub-directories of 1Mb or more:
     java 4.4Mb
Flavor: r-patched-solaris-x86