CRAN Package Check Results for Package ISOpureR

Last updated on 2024-07-24 19:54:06 CEST.

Flavor Version Tinstall Tcheck Ttotal Status Flags
r-devel-linux-x86_64-debian-clang 1.1.3 23.31 56.76 80.07 NOTE
r-devel-linux-x86_64-debian-gcc 1.1.3 14.67 44.22 58.89 NOTE
r-devel-linux-x86_64-fedora-clang 1.1.3 123.59 NOTE
r-devel-linux-x86_64-fedora-gcc 1.1.3 115.74 NOTE
r-devel-windows-x86_64 1.1.3 24.00 97.00 121.00 NOTE
r-patched-linux-x86_64 1.1.3 25.43 55.64 81.07 NOTE
r-release-linux-x86_64 1.1.3 21.36 55.97 77.33 NOTE
r-release-macos-arm64 1.1.3 39.00 NOTE
r-release-macos-x86_64 1.1.3 62.00 WARN
r-release-windows-x86_64 1.1.3 25.00 97.00 122.00 NOTE
r-oldrel-macos-arm64 1.1.3 40.00 NOTE
r-oldrel-macos-x86_64 1.1.3 64.00 NOTE
r-oldrel-windows-x86_64 1.1.3 26.00 104.00 130.00 NOTE

Check Details

Version: 1.1.3
Check: Rd files
Result: NOTE checkRd: (-1) ISOpureS1.model_optimize.kappa.kappa_deriv_loglikelihood.Rd:9: Escaped LaTeX specials: \$ checkRd: (-1) ISOpureS1.model_optimize.kappa.kappa_deriv_loglikelihood.Rd:14: Escaped LaTeX specials: \$ checkRd: (-1) ISOpureS1.model_optimize.kappa.kappa_loglikelihood.Rd:11: Escaped LaTeX specials: \$ checkRd: (-1) ISOpureS2.model_optimize.kappa.kappa_deriv_loglikelihood.Rd:11: Escaped LaTeX specials: \$ checkRd: (-1) ISOpureS2.model_optimize.kappa.kappa_loglikelihood.Rd:11: Escaped LaTeX specials: \$ Flavors: r-devel-linux-x86_64-debian-clang, r-devel-linux-x86_64-debian-gcc, r-devel-linux-x86_64-fedora-clang, r-devel-linux-x86_64-fedora-gcc, r-devel-windows-x86_64, r-patched-linux-x86_64, r-release-linux-x86_64, r-release-macos-arm64, r-release-macos-x86_64, r-release-windows-x86_64, r-oldrel-macos-arm64, r-oldrel-macos-x86_64, r-oldrel-windows-x86_64

Version: 1.1.3
Check: re-building of vignette outputs
Result: WARN Error(s) in re-building vignettes: ... --- re-building ‘ISOpureRGuide.Rnw’ using knitr_notangle Error: processing vignette 'ISOpureRGuide.Rnw' failed with diagnostics: Running 'texi2dvi' on 'ISOpureRGuide.tex' failed. LaTeX errors: ! Undefined control sequence. l.300 \hlkwd{library}\hldef {(}\hlsng{"affy"}\hldef{);} ? ! Emergency stop. ! Emergency stop. l.300 End of file on the terminal! ! ==> Fatal error occurred, no output PDF file produced! --- failed re-building ‘ISOpureRGuide.Rnw’ SUMMARY: processing the following file failed: ‘ISOpureRGuide.Rnw’ Error: Vignette re-building failed. Execution halted Flavor: r-release-macos-x86_64