CRAN Package Check Results for Package IRdisplay

Last updated on 2024-06-13 00:55:18 CEST.

Flavor Version Tinstall Tcheck Ttotal Status Flags
r-devel-linux-x86_64-debian-clang 1.1 3.17 40.42 43.59 OK
r-devel-linux-x86_64-debian-gcc 1.1 0.26 1.68 1.94 ERROR
r-devel-linux-x86_64-fedora-clang 1.1 56.29 OK
r-devel-linux-x86_64-fedora-gcc 1.1 52.20 OK
r-devel-windows-x86_64 1.1 4.00 52.00 56.00 OK
r-patched-linux-x86_64 1.1 4.61 39.26 43.87 OK
r-release-linux-x86_64 1.1 3.59 39.09 42.68 OK
r-release-macos-arm64 1.1 21.00 OK
r-release-macos-x86_64 1.1 29.00 OK
r-release-windows-x86_64 1.1 5.00 53.00 58.00 OK
r-oldrel-macos-arm64 1.1 21.00 OK
r-oldrel-macos-x86_64 1.1 30.00 OK
r-oldrel-windows-x86_64 1.1 6.00 57.00 63.00 OK

Check Details

Version: 1.1
Check: package dependencies
Result: ERROR Package required but not available: ‘repr’ Package suggested but not available for checking: ‘testthat’ See section ‘The DESCRIPTION file’ in the ‘Writing R Extensions’ manual. Flavor: r-devel-linux-x86_64-debian-gcc