CRAN Package Check Results for Package IPWpn

Last updated on 2021-06-17 07:49:08 CEST.

Flavor Version Tinstall Tcheck Ttotal Status Flags
r-devel-linux-x86_64-debian-clang 0.1.0 11.91 91.25 103.16 OK
r-devel-linux-x86_64-debian-gcc 0.1.0 9.24 67.57 76.81 OK
r-devel-linux-x86_64-fedora-clang 0.1.0 132.34 NOTE
r-devel-linux-x86_64-fedora-gcc 0.1.0 117.52 NOTE
r-devel-windows-x86_64 0.1.0 18.00 120.00 138.00 OK
r-devel-windows-x86_64-gcc10-UCRT 0.1.0 NOTE
r-patched-linux-x86_64 0.1.0 11.58 84.07 95.65 OK
r-patched-solaris-x86 0.1.0 174.40 NOTE
r-release-linux-x86_64 0.1.0 12.17 85.64 97.81 OK
r-release-macos-arm64 0.1.0 NOTE
r-release-macos-x86_64 0.1.0 NOTE
r-release-windows-ix86+x86_64 0.1.0 27.00 110.00 137.00 OK
r-oldrel-macos-x86_64 0.1.0 NOTE
r-oldrel-windows-ix86+x86_64 0.1.0 18.00 99.00 117.00 OK

Additional issues

donttest

Check Details

Version: 0.1.0
Check: dependencies in R code
Result: NOTE
    Namespaces in Imports field not imported from:
     ‘mvtnorm’ ‘tidyr’
     All declared Imports should be used.
Flavors: r-devel-linux-x86_64-fedora-clang, r-devel-linux-x86_64-fedora-gcc, r-devel-windows-x86_64-gcc10-UCRT, r-patched-solaris-x86, r-release-macos-arm64, r-release-macos-x86_64, r-oldrel-macos-x86_64