CRAN Package Check Results for Package IPDFileCheck

Last updated on 2021-03-08 19:51:11 CET.

Flavor Version Tinstall Tcheck Ttotal Status Flags
r-devel-linux-x86_64-debian-clang 0.6.6 13.71 374.44 388.15 OK
r-devel-linux-x86_64-debian-gcc 0.6.6 11.25 257.89 269.14 OK
r-devel-linux-x86_64-fedora-clang 0.6.6 476.80 NOTE
r-devel-linux-x86_64-fedora-gcc 0.6.6 175.48 NOTE
r-devel-windows-ix86+x86_64 0.6.6 52.00 250.00 302.00 OK
r-devel-windows-x86_64-gcc10-UCRT 0.6.6 NOTE
r-patched-linux-x86_64 0.6.6 14.32 333.50 347.82 OK
r-patched-solaris-x86 0.6.6 703.90 NOTE
r-release-linux-x86_64 0.6.6 13.79 334.97 348.76 OK
r-release-macos-x86_64 0.6.6 NOTE
r-release-windows-ix86+x86_64 0.6.6 32.00 569.00 601.00 OK
r-oldrel-macos-x86_64 0.6.6 ERROR
r-oldrel-windows-ix86+x86_64 0.6.6 26.00 163.00 189.00 ERROR

Check Details

Version: 0.6.6
Check: dependencies in R code
Result: NOTE
    Namespaces in Imports field not imported from:
     ‘GlobalOptions’ ‘testthat’
     All declared Imports should be used.
Flavors: r-devel-linux-x86_64-fedora-clang, r-devel-linux-x86_64-fedora-gcc, r-devel-windows-x86_64-gcc10-UCRT, r-patched-solaris-x86, r-release-macos-x86_64, r-oldrel-macos-x86_64

Version: 0.6.6
Check: tests
Result: ERROR
     Running ‘testthat.R’ [8s/10s]
    Running the tests in ‘tests/testthat.R’ failed.
    Last 13 lines of output:
     Warning ══ Failed tests ════════════════════════════════════════════════════════════════
     ── Error (test-IPDFilecheck.R:66:3): testing age calculated from year of birth ──
     Error: Age can not be negative OR greater than 150
     Backtrace:
     █
     1. └─IPDFileCheck::calculate_age_from_year(...) test-IPDFilecheck.R:66:2
     ── Failure (test-IPDFilecheck.R:898:3): testing presenting mean and ad after removing NA ──
     present_mean_sd_rmna_text(this_data, "age", NA) not equal to `this_res`.
     1/1 mismatches
     x[1]: "1 (1)"
     y[1]: "18 (4.24)"
    
     [ FAIL 2 | WARN 0 | SKIP 0 | PASS 157 ]
     Error: Test failures
     Execution halted
Flavor: r-oldrel-macos-x86_64

Version: 0.6.6
Check: tests
Result: ERROR
     Running 'testthat.R' [37s]
    Running the tests in 'tests/testthat.R' failed.
    Complete output:
     > library(testthat)
     > library(IPDFileCheck)
     >
     > test_check("IPDFileCheck")
     trying URL 'http://cran.us.r-project.org/bin/windows/contrib/3.6/commonmark_1.7.zip'
     Content type 'application/zip' length 265798 bytes (259 KB)
     ==================================================
     downloaded 259 KB
    
     trying URL 'http://cran.us.r-project.org/bin/windows/contrib/3.6/hunspell_3.0.1.zip'
     Content type 'application/zip' length 1914897 bytes (1.8 MB)
     ==================================================
     downloaded 1.8 MB
    
     trying URL 'http://cran.us.r-project.org/bin/windows/contrib/3.6/spelling_2.2.zip'
     Content type 'application/zip' length 55128 bytes (53 KB)
     ==================================================
     downloaded 53 KB
    
     trying URL 'http://cran.us.r-project.org/bin/windows/contrib/3.6/config_0.3.1.zip'
     Content type 'application/zip' length 81578 bytes (79 KB)
     ==================================================
     downloaded 79 KB
    
     package 'commonmark' successfully unpacked and MD5 sums checked
     package 'hunspell' successfully unpacked and MD5 sums checked
     package 'spelling' successfully unpacked and MD5 sums checked
     package 'config' successfully unpacked and MD5 sums checked
    
     The downloaded binary packages are in
     D:\temp\Rtmp4YFv9t\downloaded_packages
     trying URL 'http://cran.us.r-project.org/bin/windows/contrib/3.6/valueEQ5D_0.6.1.zip'
     Content type 'application/zip' length 498086 bytes (486 KB)
     ==================================================
     downloaded 486 KB
    
     package 'valueEQ5D' successfully unpacked and MD5 sums checked
    
     The downloaded binary packages are in
     D:\temp\Rtmp4YFv9t\downloaded_packages
     Warning trying URL 'http://cran.us.r-project.org/bin/windows/contrib/3.6/bitops_1.0-6.zip'
     Content type 'application/zip' length 38469 bytes (37 KB)
     ==================================================
     downloaded 37 KB
    
     trying URL 'http://cran.us.r-project.org/bin/windows/contrib/3.6/caTools_1.18.1.zip'
     Content type 'application/zip' length 330439 bytes (322 KB)
     ==================================================
     downloaded 322 KB
    
     trying URL 'http://cran.us.r-project.org/bin/windows/contrib/3.6/gdata_2.18.0.zip'
     Content type 'application/zip' length 1264375 bytes (1.2 MB)
     ==================================================
     downloaded 1.2 MB
    
     trying URL 'http://cran.us.r-project.org/bin/windows/contrib/3.6/gplots_3.1.1.zip'
     Content type 'application/zip' length 604335 bytes (590 KB)
     ==================================================
     downloaded 590 KB
    
     trying URL 'http://cran.us.r-project.org/bin/windows/contrib/3.6/gtools_3.8.2.zip'
     Content type 'application/zip' length 336453 bytes (328 KB)
     ==================================================
     downloaded 328 KB
    
     trying URL 'http://cran.us.r-project.org/bin/windows/contrib/3.6/gmodels_2.18.1.zip'
     Content type 'application/zip' length 114424 bytes (111 KB)
     ==================================================
     downloaded 111 KB
    
     package 'bitops' successfully unpacked and MD5 sums checked
     package 'caTools' successfully unpacked and MD5 sums checked
     package 'gdata' successfully unpacked and MD5 sums checked
     package 'gplots' successfully unpacked and MD5 sums checked
     package 'gtools' successfully unpacked and MD5 sums checked
     package 'gmodels' successfully unpacked and MD5 sums checked
    
     The downloaded binary packages are in
     D:\temp\Rtmp4YFv9t\downloaded_packages
     trying URL 'http://cran.us.r-project.org/bin/windows/contrib/3.6/bookdown_0.21.zip'
     Content type 'application/zip' length 970366 bytes (947 KB)
     ==================================================
     downloaded 947 KB
    
     trying URL 'http://cran.us.r-project.org/bin/windows/contrib/3.6/eha_2.8.5.zip'
     Content type 'application/zip' length 2746288 bytes (2.6 MB)
     ==================================================
     downloaded 2.6 MB
    
     package 'bookdown' successfully unpacked and MD5 sums checked
     package 'eha' successfully unpacked and MD5 sums checked
    
     The downloaded binary packages are in
     D:\temp\Rtmp4YFv9t\downloaded_packages
     trying URL 'http://cran.us.r-project.org/bin/windows/contrib/3.6/BRugs_0.9-0.zip'
     Content type 'application/zip' length 255859 bytes (249 KB)
     ==================================================
     downloaded 249 KB
    
     trying URL 'http://cran.us.r-project.org/bin/windows/contrib/3.6/R2WinBUGS_2.1-21.zip'
     Content type 'application/zip' length 845085 bytes (825 KB)
     ==================================================
     downloaded 825 KB
    
     package 'BRugs' successfully unpacked and MD5 sums checked
     package 'R2WinBUGS' successfully unpacked and MD5 sums checked
    
     The downloaded binary packages are in
     D:\temp\Rtmp4YFv9t\downloaded_packages
     trying URL 'http://cran.us.r-project.org/bin/windows/contrib/3.6/doParallel_1.0.16.zip'
     Content type 'application/zip' length 64221 bytes (62 KB)
     ==================================================
     downloaded 62 KB
    
     trying URL 'http://cran.us.r-project.org/bin/windows/contrib/3.6/foreach_1.5.1.zip'
     Content type 'application/zip' length 145981 bytes (142 KB)
     ==================================================
     downloaded 142 KB
    
     trying URL 'http://cran.us.r-project.org/bin/windows/contrib/3.6/iterators_1.0.13.zip'
     Content type 'application/zip' length 343108 bytes (335 KB)
     ==================================================
     downloaded 335 KB
    
     trying URL 'http://cran.us.r-project.org/bin/windows/contrib/3.6/itertools_0.1-3.zip'
     Content type 'application/zip' length 114485 bytes (111 KB)
     ==================================================
     downloaded 111 KB
    
     trying URL 'http://cran.us.r-project.org/bin/windows/contrib/3.6/plyr_1.8.6.zip'
     Content type 'application/zip' length 1314142 bytes (1.3 MB)
     ==================================================
     downloaded 1.3 MB
    
     package 'doParallel' successfully unpacked and MD5 sums checked
     package 'foreach' successfully unpacked and MD5 sums checked
     package 'iterators' successfully unpacked and MD5 sums checked
     package 'itertools' successfully unpacked and MD5 sums checked
     package 'plyr' successfully unpacked and MD5 sums checked
    
     The downloaded binary packages are in
     D:\temp\Rtmp4YFv9t\downloaded_packages
     == Failed tests ================================================================
     -- Error (test-IPDFilecheck.R:66:3): testing age calculated from year of birth --
     Error: Age can not be negative OR greater than 150
     Backtrace:
     x
     1. \-IPDFileCheck::calculate_age_from_year(...) test-IPDFilecheck.R:66:2
     -- Failure (test-IPDFilecheck.R:898:3): testing presenting mean and ad after removing NA --
     present_mean_sd_rmna_text(this_data, "age", NA) not equal to `this_res`.
     1/1 mismatches
     x[1]: "1 (1)"
     y[1]: "18 (4.24)"
    
     [ FAIL 2 | WARN 0 | SKIP 0 | PASS 157 ]
     Error: Test failures
     Execution halted
Flavor: r-oldrel-windows-ix86+x86_64