Last updated on 2022-05-24 11:50:08 CEST.
Flavor | Version | Tinstall | Tcheck | Ttotal | Status | Flags |
---|---|---|---|---|---|---|
r-devel-linux-x86_64-debian-clang | 0.1-11 | 28.33 | 288.02 | 316.35 | NOTE | |
r-devel-linux-x86_64-debian-gcc | 0.1-11 | 21.60 | 210.67 | 232.27 | NOTE | |
r-devel-linux-x86_64-fedora-clang | 0.1-11 | 383.04 | OK | |||
r-devel-linux-x86_64-fedora-gcc | 0.1-11 | 380.96 | OK | |||
r-devel-windows-x86_64 | 0.1-11 | 31.00 | 274.00 | 305.00 | NOTE | |
r-patched-linux-x86_64 | 0.1-11 | 23.58 | 267.03 | 290.61 | NOTE | |
r-release-linux-x86_64 | 0.1-11 | NOTE | ||||
r-release-macos-arm64 | 0.1-11 | 88.00 | NOTE | |||
r-release-macos-x86_64 | 0.1-11 | 114.00 | NOTE | |||
r-release-windows-x86_64 | 0.1-11 | 35.00 | 264.00 | 299.00 | NOTE | |
r-oldrel-macos-arm64 | 0.1-11 | 63.00 | NOTE | |||
r-oldrel-macos-x86_64 | 0.1-11 | 85.00 | NOTE | |||
r-oldrel-windows-ix86+x86_64 | 0.1-11 | 67.00 | 272.00 | 339.00 | OK |
Version: 0.1-11
Check: package dependencies
Result: NOTE
Package suggested but not available for checking: 'INLA'
Flavors: r-devel-linux-x86_64-debian-clang, r-devel-linux-x86_64-debian-gcc, r-devel-windows-x86_64, r-patched-linux-x86_64, r-release-linux-x86_64, r-release-macos-arm64, r-release-macos-x86_64, r-release-windows-x86_64, r-oldrel-macos-arm64, r-oldrel-macos-x86_64