Last updated on 2021-04-12 07:47:08 CEST.
Flavor | Version | Tinstall | Tcheck | Ttotal | Status | Flags |
---|---|---|---|---|---|---|
r-devel-linux-x86_64-debian-clang | 0.1.1 | 103.60 | 107.00 | 210.60 | OK | |
r-devel-linux-x86_64-debian-gcc | 0.1.1 | 79.18 | 80.78 | 159.96 | OK | |
r-devel-linux-x86_64-fedora-clang | 0.1.1 | 293.01 | NOTE | |||
r-devel-linux-x86_64-fedora-gcc | 0.1.1 | 270.45 | OK | |||
r-devel-windows-ix86+x86_64 | 0.1.1 | 239.00 | 194.00 | 433.00 | OK | |
r-devel-windows-x86_64-gcc10-UCRT | 0.1.1 | ERROR | ||||
r-patched-linux-x86_64 | 0.1.1 | 96.70 | 102.31 | 199.01 | OK | |
r-patched-solaris-x86 | 0.1.1 | 300.50 | OK | |||
r-release-linux-x86_64 | 0.1.1 | 90.78 | 102.21 | 192.99 | OK | |
r-release-macos-x86_64 | 0.1.1 | NOTE | ||||
r-release-windows-ix86+x86_64 | 0.1.1 | 174.00 | 189.00 | 363.00 | OK | |
r-oldrel-macos-x86_64 | 0.1.1 | NOTE | ||||
r-oldrel-windows-ix86+x86_64 | 0.1.1 | 210.00 | 142.00 | 352.00 | OK |
Version: 0.1.1
Check: installed package size
Result: NOTE
installed size is 9.2Mb
sub-directories of 1Mb or more:
libs 7.7Mb
Flavors: r-devel-linux-x86_64-fedora-clang, r-release-macos-x86_64, r-oldrel-macos-x86_64
Version: 0.1.1
Check: package dependencies
Result: ERROR
Package required but not available: 'Rgraphviz'
See section 'The DESCRIPTION file' in the 'Writing R Extensions'
manual.
Flavor: r-devel-windows-x86_64-gcc10-UCRT