CRAN Package Check Results for Package IMIFA

Last updated on 2021-04-13 03:49:44 CEST.

Flavor Version Tinstall Tcheck Ttotal Status Flags
r-devel-linux-x86_64-debian-clang 2.1.5 19.71 125.37 145.08 OK
r-devel-linux-x86_64-debian-gcc 2.1.5 20.81 93.26 114.07 OK
r-devel-linux-x86_64-fedora-clang 2.1.5 198.73 OK
r-devel-linux-x86_64-fedora-gcc 2.1.5 177.82 OK
r-devel-windows-ix86+x86_64 2.1.5 38.00 146.00 184.00 OK
r-devel-windows-x86_64-gcc10-UCRT 2.1.5 OK
r-patched-linux-x86_64 2.1.5 18.87 120.53 139.40 OK
r-patched-solaris-x86 2.1.5 242.90 OK
r-release-linux-x86_64 2.1.5 23.04 121.15 144.19 OK
r-release-macos-x86_64 2.1.5 OK
r-release-windows-ix86+x86_64 2.1.5 28.00 148.00 176.00 OK
r-oldrel-macos-x86_64 2.1.5 ERROR
r-oldrel-windows-ix86+x86_64 2.1.2 29.00 136.00 165.00 OK

Check Details

Version: 2.1.5
Check: whether package can be installed
Result: ERROR
    Installation failed.
Flavor: r-oldrel-macos-x86_64